{"id":1866,"date":"2021-01-06T15:17:59","date_gmt":"2021-01-06T18:17:59","guid":{"rendered":"http:\/\/digitalhelp.rgdi.net\/site\/?page_id=1866"},"modified":"2023-03-02T10:28:18","modified_gmt":"2023-03-02T13:28:18","slug":"sobre-nos","status":"publish","type":"page","link":"https:\/\/digitalhelp.rgdi.net\/site\/sobre-nos\/","title":{"rendered":"SOBRE N\u00d3S"},"content":{"rendered":"\n<div class=\"alignwide blockart-section blockart-section-a4f7c4e7 alignwide\"><div class=\"blockart-container\"><div class=\"blockart-section-inner\">\n<div class=\"blockart-column blockart-column-ee5f30a7\"><div class=\"blockart-column-inner\">\n<p>A Digital Help Brasil \u00e9 uma empresa legalmente constitu\u00edda sob o CNPJ n.\u00ba 34.834.730\/0001-00, cujo foco principal \u00e9 atender demandas relacionadas ao mundo digital, seja atrav\u00e9s de Ferramentas de TI, seja via Ferramentas de Publicidade e\/ou Marketing Digital.<\/p>\n\n\n\n<p>Atuando no mercado de Desenvolvimento Web desde 2002\/2003, oferecemos uma gama bem variada de produtos e servi\u00e7os tais como DESENVOLVIMENTO WEB, IDENTIDADE VISUAL, IMPRESSOS, RECURSOS \u00c1UDIO-VISUAIS E MULTIM\u00cdDIA, PUBLICIDADE E PROPAGANDA, CURSOS E TREINAMENTOS, ASSESSORIAS, PROSPEC\u00c7\u00c3O DE VENDAS, entre outros.<\/p>\n<\/div><\/div>\n<\/div><\/div><\/div>\n\n\n\n<hr class=\"wp-block-separator has-css-opacity is-style-default\"\/>\n\n\n\n<div class=\"wp-block-columns is-layout-flex wp-container-core-columns-is-layout-28f84493 wp-block-columns-is-layout-flex\">\n<div class=\"wp-block-column is-layout-flow wp-block-column-is-layout-flow\">\n<h3 class=\"wp-block-heading\">Miss\u00e3o, Vis\u00e3o, Princ\u00edpios e Valores<\/h3>\n\n\n\n<p>Conhe\u00e7a mais sobre n\u00f3s! Nossa Miss\u00e3o, Nossa vis\u00e3o, Nossos Princ\u00edpios e Valores.<\/p>\n\n\n\n<p><strong>Nossa Miss\u00e3o<\/strong><\/p>\n\n\n\n<p>Nossa miss\u00e3o sempre foi ajudar, da melhor forma poss\u00edvel, nossos clientes, oferecendo ferramentas e solu\u00e7\u00f5es de qualidade nas \u00e1reas de TI, Marketing e Publicidade, contribuindo para o crescimento e o sucesso empresarial daqueles que escolhem apostar na qualidade dos nossos servi\u00e7os.<\/p>\n\n\n\n<p><strong>Nossa Vis\u00e3o<\/strong><\/p>\n\n\n\n<p>Ofertar um Servi\u00e7o de Produ\u00e7\u00e3o, Marketing, Publicidade e Prospec\u00e7\u00e3o, nos tornando assim uma Refer\u00eancia, que presta uma Assessoria Completa em Empreendedorismo, Prospec\u00e7\u00e3o, Tecnologia, Marketing e Publicidade, Desenvolvimento Web, Impressos, Identidade Visual, Ferramentas de Publicidade e Marketing Digital.<\/p>\n\n\n\n<p><strong>Nossa Filosofia<\/strong><\/p>\n\n\n\n<p>Para n\u00f3s, todo(a) cliente \u00e9 especial! Sendo assim, este cliente deve escolher utilizar os servi\u00e7os e solu\u00e7\u00f5es disponibilizadas pela Digital Help Brasil. Por isso, nossa filosofia de trabalho \u00e9 <em>\u201cSempre por Op\u00e7\u00e3o, Nunca por Obriga\u00e7\u00e3o!\u201d<\/em>.<\/p>\n\n\n\n<p><strong>Nossos Princ\u00edpios<\/strong><\/p>\n\n\n\n<p>Nossa Declara\u00e7\u00e3o de Princ\u00edpios contempla:<\/p>\n\n\n\n<ul class=\"wp-block-list\">\n<li>A F\u00e9 Crist\u00e3;<\/li>\n\n\n\n<li>Responsabilidade Social;<\/li>\n\n\n\n<li>\u00c9tica e a Responsabilidade;<\/li>\n\n\n\n<li>Qualidade nos Servi\u00e7os Prestados;<\/li>\n\n\n\n<li>Efic\u00e1cia e a Efici\u00eancia;<\/li>\n<\/ul>\n\n\n\n<p><strong>Nossos Valores<\/strong><\/p>\n\n\n\n<p>Nossos valores buscam demonstrar o tipo de profissionais que atuam na Digital Help Brasil:<\/p>\n\n\n\n<ul class=\"wp-block-list\">\n<li>Qualidade e o Comprometimento;<\/li>\n\n\n\n<li>Inova\u00e7\u00e3o e o Empreendedorismo;<\/li>\n\n\n\n<li>Empenho e a Dedica\u00e7\u00e3o;<\/li>\n\n\n\n<li>Atendimento Exclusivo a Cada Cliente;<\/li>\n\n\n\n<li>Comprometimento em Cada Projeto Realizado;<\/li>\n<\/ul>\n<\/div>\n\n\n\n<div class=\"wp-block-column is-layout-flow wp-block-column-is-layout-flow\">\n<h3 class=\"wp-block-heading\">Nossa Hist\u00f3ria<\/h3>\n\n\n\n<p><strong>O In\u00edcio<\/strong><\/p>\n\n\n\n<p>Iniciamos no segmento de inform\u00e1tica em meados de 2000. Mas, antes disso, j\u00e1 atu\u00e1vamos no suporte t\u00e9cnico, onde tivemos a oportunidade de utilizar computadores como o antigo 386, e at\u00e9 mesmo o antigo XT, manipulando sistemas operacionais como MS-DOS 6.22, Windows 3.x entre outros.<\/p>\n\n\n\n<p>L\u00e1 por 2002\/2003 iniciamos no segmento web, evoluindo rapidamente para um mix de produtos e servi\u00e7os nas \u00e1reas de TI, Marketing e Publicidade. A partir da\u00ed, utilizamo-nos de v\u00e1rias ferramentas publicit\u00e1rias para m\u00eddia digital e m\u00eddia impressa, al\u00e9m de servi\u00e7os como hospedagem de sites, gerenciamento de dom\u00ednios online e muito mais\u2026<\/p>\n\n\n\n<p><strong>O Crescimento<\/strong><\/p>\n\n\n\n<p>Desde 2009 at\u00e9 2011 atuamos nessa \u00e1rea na cidade de Marechal C\u00e2ndido Rondon \u2013 Paran\u00e1, onde implementamos diversos sites e servi\u00e7os de hospedagem.<\/p>\n\n\n\n<p>Em agosto de 2011, retornamos a Iju\u00ed \u2013 RS, onde trabalhamos em diversos projetos, sob a denomina\u00e7\u00e3o de CTEC Brasil. De l\u00e1 para c\u00e1, prestamos servi\u00e7os para diversos estados brasileiros.<\/p>\n\n\n\n<p>Em 2018, adquirimos o Jornal HoraH de Iju\u00ed-RS ve\u00edculo de comunica\u00e7\u00e3o com mais de 20 anos de exist\u00eancia, o qual, posteriormente, em abril de 2020, por ocasi\u00e3o da Pandemia COVID-19, vendemos para outra pessoa, que pudesse, em meio \u00e0 Pandemia Global, dar continuidade ao projeto.<\/p>\n\n\n\n<p><\/p>\n\n\n\n<p><\/p>\n<\/div>\n\n\n\n<div class=\"wp-block-column is-layout-flow wp-block-column-is-layout-flow\">\n<h3 class=\"wp-block-heading\">Uma Nova Raz\u00e3o Social<\/h3>\n\n\n\n<p>Exatamente a 11 de setembro de 2019 era constitu\u00eddo o CNPJ 34.834.730\/0001-00, na forma de MICROEMPREENDEDOR INDIVIDUAL, em nome de RONEI MAYER DE LIMA, Diretor-Propriet\u00e1rio da Digital Help Brasil.<\/p>\n\n\n\n<p>Originalmente sediados em Iju\u00ed \u2013 RS, em 30 de abril de 2020 cheg\u00e1vamos \u00e0 Santa Rosa \u2013 RS, regi\u00e3o Fronteira Noroeste do Estado do Rio Grande do Sul, onde, por conta da Pandemia COVID-19, ir\u00edamos trabalhar apenas em Home Office.<\/p>\n\n\n\n<p>Em 30 de abril de 2020, transferimos a Sede da Empresa para Santa Rosa \u2013 RS, onde rapidamente expandimos os neg\u00f3cios. Ainda no ano de 2020, por ocasi\u00e3o do Pleito Eleitoral, prestamos servi\u00e7os para dezenas de candidatos \u00e0s proporcionais e \u00e0s majorit\u00e1rias de diferentes munic\u00edpios.<\/p>\n\n\n\n<p><strong>Pr\u00e9-Incuba\u00e7\u00e3o<\/strong><\/p>\n\n\n\n<p>Exatamente a 18 de janeiro de 2021, era publicado o Edital N.\u00ba 07\/2021 da IATI, Incubadora de Empresas ligada \u00e0 FEMA. A WebTV Fronteira Noroeste noticiou os aprovados, dentre os quais l\u00e1 estava a Digital Help Brasil. Por\u00e9m, em 01 de mar\u00e7o de 2021, fomos igualmente aprovados na CRIATEC, Incubadora de Empresas ligada \u00e0 UNIJU\u00cd.<\/p>\n\n\n\n<p>Como tivemos que optar entre uma das duas incubadoras, acabamos optando por pr\u00e9-incubar \u00e0 CRIATEC, onde escolhemos utilizar sua estrutura f\u00edsica. Por um tempo, estivemos sediados no C\u00e2mpus da Uniju\u00ed Santa Rosa, Rodovia RS 344, KM 39, 1100 \u2013 Timba\u00fava, Santa Rosa \u2013 RS, 98900-000.<\/p>\n<\/div>\n<\/div>\n\n\n\n<figure class=\"wp-block-embed alignwide is-type-video is-provider-youtube wp-block-embed-youtube wp-embed-aspect-16-9 wp-has-aspect-ratio\"><div class=\"wp-block-embed__wrapper\">\n<iframe loading=\"lazy\" title=\"Institucional Digital Help\" width=\"500\" height=\"281\" src=\"https:\/\/www.youtube.com\/embed\/GRkuKhVt3Ps?feature=oembed\" frameborder=\"0\" allow=\"accelerometer; autoplay; clipboard-write; encrypted-media; gyroscope; picture-in-picture; web-share\" referrerpolicy=\"strict-origin-when-cross-origin\" allowfullscreen><\/iframe>\n<\/div><\/figure>\n\n\n\n<div class=\"blockart-section blockart-section-ff2b0cda\"><div class=\"blockart-container-fluid\"><div class=\"blockart-section-inner\">\n<div class=\"blockart-column blockart-column-755f4765\"><div class=\"blockart-column-inner\"><\/div><\/div>\n<\/div><\/div><\/div>\n","protected":false},"excerpt":{"rendered":"<p>Miss\u00e3o, Vis\u00e3o, Princ\u00edpios e Valores Conhe\u00e7a mais sobre n\u00f3s! Nossa Miss\u00e3o, Nossa vis\u00e3o, Nossos Princ\u00edpios e Valores. Nossa Miss\u00e3o Nossa miss\u00e3o sempre foi ajudar, da melhor forma poss\u00edvel, nossos clientes, oferecendo ferramentas e solu\u00e7\u00f5es de qualidade nas \u00e1reas de TI, Marketing e Publicidade, contribuindo para o crescimento e o sucesso empresarial daqueles que escolhem apostar&#8230;<\/p>\n","protected":false},"author":1,"featured_media":0,"parent":0,"menu_order":0,"comment_status":"closed","ping_status":"closed","template":"","meta":{"_eb_attr":"","_vp_format_video_url":"","_vp_image_focal_point":[],"footnotes":""},"class_list":["post-1866","page","type-page","status-publish","hentry"],"yoast_head":"<!-- This site is optimized with the Yoast SEO plugin v27.2 - https:\/\/yoast.com\/product\/yoast-seo-wordpress\/ -->\n<title>SOBRE N\u00d3S - Fa\u00e7a parte da EVOLU\u00c7\u00c3O Digital<\/title>\n<meta name=\"robots\" content=\"index, follow, max-snippet:-1, max-image-preview:large, max-video-preview:-1\" \/>\n<link rel=\"canonical\" href=\"https:\/\/digitalhelp.rgdi.net\/site\/sobre-nos\/\" \/>\n<meta property=\"og:locale\" content=\"pt_BR\" \/>\n<meta property=\"og:type\" content=\"article\" \/>\n<meta property=\"og:title\" content=\"SOBRE N\u00d3S - Fa\u00e7a parte da EVOLU\u00c7\u00c3O Digital\" \/>\n<meta property=\"og:description\" content=\"Miss\u00e3o, Vis\u00e3o, Princ\u00edpios e Valores Conhe\u00e7a mais sobre n\u00f3s! Nossa Miss\u00e3o, Nossa vis\u00e3o, Nossos Princ\u00edpios e Valores. Nossa Miss\u00e3o Nossa miss\u00e3o sempre foi ajudar, da melhor forma poss\u00edvel, nossos clientes, oferecendo ferramentas e solu\u00e7\u00f5es de qualidade nas \u00e1reas de TI, Marketing e Publicidade, contribuindo para o crescimento e o sucesso empresarial daqueles que escolhem apostar...\" \/>\n<meta property=\"og:url\" content=\"https:\/\/digitalhelp.rgdi.net\/site\/sobre-nos\/\" \/>\n<meta property=\"og:site_name\" content=\"Fa\u00e7a parte da EVOLU\u00c7\u00c3O Digital\" \/>\n<meta property=\"article:publisher\" content=\"https:\/\/www.facebook.com\/digitalhelp.rgdi.net\" \/>\n<meta property=\"article:modified_time\" content=\"2023-03-02T13:28:18+00:00\" \/>\n<meta property=\"og:image\" content=\"https:\/\/digitalhelp.rgdi.net\/site\/wp-content\/uploads\/2021\/07\/capa-face.jpg\" \/>\n<meta name=\"twitter:card\" content=\"summary_large_image\" \/>\n<meta name=\"twitter:label1\" content=\"Est. tempo de leitura\" \/>\n\t<meta name=\"twitter:data1\" content=\"4 minutos\" \/>\n<script type=\"application\/ld+json\" class=\"yoast-schema-graph\">{\"@context\":\"https:\/\/schema.org\",\"@graph\":[{\"@type\":\"WebPage\",\"@id\":\"https:\/\/digitalhelp.rgdi.net\/site\/sobre-nos\/\",\"url\":\"https:\/\/digitalhelp.rgdi.net\/site\/sobre-nos\/\",\"name\":\"SOBRE N\u00d3S - Fa\u00e7a parte da EVOLU\u00c7\u00c3O Digital\",\"isPartOf\":{\"@id\":\"https:\/\/digitalhelp.rgdi.net\/site\/#website\"},\"datePublished\":\"2021-01-06T18:17:59+00:00\",\"dateModified\":\"2023-03-02T13:28:18+00:00\",\"breadcrumb\":{\"@id\":\"https:\/\/digitalhelp.rgdi.net\/site\/sobre-nos\/#breadcrumb\"},\"inLanguage\":\"pt-BR\",\"potentialAction\":[{\"@type\":\"ReadAction\",\"target\":[\"https:\/\/digitalhelp.rgdi.net\/site\/sobre-nos\/\"]}]},{\"@type\":\"BreadcrumbList\",\"@id\":\"https:\/\/digitalhelp.rgdi.net\/site\/sobre-nos\/#breadcrumb\",\"itemListElement\":[{\"@type\":\"ListItem\",\"position\":1,\"name\":\"In\u00edcio\",\"item\":\"https:\/\/digitalhelp.rgdi.net\/site\/\"},{\"@type\":\"ListItem\",\"position\":2,\"name\":\"SOBRE N\u00d3S\"}]},{\"@type\":\"WebSite\",\"@id\":\"https:\/\/digitalhelp.rgdi.net\/site\/#website\",\"url\":\"https:\/\/digitalhelp.rgdi.net\/site\/\",\"name\":\"Fa\u00e7a parte da EVOLU\u00c7\u00c3O Digital\",\"description\":\"Fa\u00e7a parte da EVOLU\u00c7\u00c3O Digital.\",\"publisher\":{\"@id\":\"https:\/\/digitalhelp.rgdi.net\/site\/#organization\"},\"potentialAction\":[{\"@type\":\"SearchAction\",\"target\":{\"@type\":\"EntryPoint\",\"urlTemplate\":\"https:\/\/digitalhelp.rgdi.net\/site\/?s={search_term_string}\"},\"query-input\":{\"@type\":\"PropertyValueSpecification\",\"valueRequired\":true,\"valueName\":\"search_term_string\"}}],\"inLanguage\":\"pt-BR\"},{\"@type\":\"Organization\",\"@id\":\"https:\/\/digitalhelp.rgdi.net\/site\/#organization\",\"name\":\"Digital Help\",\"url\":\"https:\/\/digitalhelp.rgdi.net\/site\/\",\"logo\":{\"@type\":\"ImageObject\",\"inLanguage\":\"pt-BR\",\"@id\":\"https:\/\/digitalhelp.rgdi.net\/site\/#\/schema\/logo\/image\/\",\"url\":\"https:\/\/digitalhelp.rgdi.net\/site\/wp-content\/uploads\/2021\/04\/logotipo-site-novo.png\",\"contentUrl\":\"https:\/\/digitalhelp.rgdi.net\/site\/wp-content\/uploads\/2021\/04\/logotipo-site-novo.png\",\"width\":150,\"height\":119,\"caption\":\"Digital Help\"},\"image\":{\"@id\":\"https:\/\/digitalhelp.rgdi.net\/site\/#\/schema\/logo\/image\/\"},\"sameAs\":[\"https:\/\/www.facebook.com\/digitalhelp.rgdi.net\"]}]}<\/script>\n<!-- \/ Yoast SEO plugin. -->","yoast_head_json":{"title":"SOBRE N\u00d3S - Fa\u00e7a parte da EVOLU\u00c7\u00c3O Digital","robots":{"index":"index","follow":"follow","max-snippet":"max-snippet:-1","max-image-preview":"max-image-preview:large","max-video-preview":"max-video-preview:-1"},"canonical":"https:\/\/digitalhelp.rgdi.net\/site\/sobre-nos\/","og_locale":"pt_BR","og_type":"article","og_title":"SOBRE N\u00d3S - Fa\u00e7a parte da EVOLU\u00c7\u00c3O Digital","og_description":"Miss\u00e3o, Vis\u00e3o, Princ\u00edpios e Valores Conhe\u00e7a mais sobre n\u00f3s! Nossa Miss\u00e3o, Nossa vis\u00e3o, Nossos Princ\u00edpios e Valores. Nossa Miss\u00e3o Nossa miss\u00e3o sempre foi ajudar, da melhor forma poss\u00edvel, nossos clientes, oferecendo ferramentas e solu\u00e7\u00f5es de qualidade nas \u00e1reas de TI, Marketing e Publicidade, contribuindo para o crescimento e o sucesso empresarial daqueles que escolhem apostar...","og_url":"https:\/\/digitalhelp.rgdi.net\/site\/sobre-nos\/","og_site_name":"Fa\u00e7a parte da EVOLU\u00c7\u00c3O Digital","article_publisher":"https:\/\/www.facebook.com\/digitalhelp.rgdi.net","article_modified_time":"2023-03-02T13:28:18+00:00","og_image":[{"url":"https:\/\/digitalhelp.rgdi.net\/site\/wp-content\/uploads\/2021\/07\/capa-face.jpg","type":"","width":"","height":""}],"twitter_card":"summary_large_image","twitter_misc":{"Est. tempo de leitura":"4 minutos"},"schema":{"@context":"https:\/\/schema.org","@graph":[{"@type":"WebPage","@id":"https:\/\/digitalhelp.rgdi.net\/site\/sobre-nos\/","url":"https:\/\/digitalhelp.rgdi.net\/site\/sobre-nos\/","name":"SOBRE N\u00d3S - Fa\u00e7a parte da EVOLU\u00c7\u00c3O Digital","isPartOf":{"@id":"https:\/\/digitalhelp.rgdi.net\/site\/#website"},"datePublished":"2021-01-06T18:17:59+00:00","dateModified":"2023-03-02T13:28:18+00:00","breadcrumb":{"@id":"https:\/\/digitalhelp.rgdi.net\/site\/sobre-nos\/#breadcrumb"},"inLanguage":"pt-BR","potentialAction":[{"@type":"ReadAction","target":["https:\/\/digitalhelp.rgdi.net\/site\/sobre-nos\/"]}]},{"@type":"BreadcrumbList","@id":"https:\/\/digitalhelp.rgdi.net\/site\/sobre-nos\/#breadcrumb","itemListElement":[{"@type":"ListItem","position":1,"name":"In\u00edcio","item":"https:\/\/digitalhelp.rgdi.net\/site\/"},{"@type":"ListItem","position":2,"name":"SOBRE N\u00d3S"}]},{"@type":"WebSite","@id":"https:\/\/digitalhelp.rgdi.net\/site\/#website","url":"https:\/\/digitalhelp.rgdi.net\/site\/","name":"Fa\u00e7a parte da EVOLU\u00c7\u00c3O Digital","description":"Fa\u00e7a parte da EVOLU\u00c7\u00c3O Digital.","publisher":{"@id":"https:\/\/digitalhelp.rgdi.net\/site\/#organization"},"potentialAction":[{"@type":"SearchAction","target":{"@type":"EntryPoint","urlTemplate":"https:\/\/digitalhelp.rgdi.net\/site\/?s={search_term_string}"},"query-input":{"@type":"PropertyValueSpecification","valueRequired":true,"valueName":"search_term_string"}}],"inLanguage":"pt-BR"},{"@type":"Organization","@id":"https:\/\/digitalhelp.rgdi.net\/site\/#organization","name":"Digital Help","url":"https:\/\/digitalhelp.rgdi.net\/site\/","logo":{"@type":"ImageObject","inLanguage":"pt-BR","@id":"https:\/\/digitalhelp.rgdi.net\/site\/#\/schema\/logo\/image\/","url":"https:\/\/digitalhelp.rgdi.net\/site\/wp-content\/uploads\/2021\/04\/logotipo-site-novo.png","contentUrl":"https:\/\/digitalhelp.rgdi.net\/site\/wp-content\/uploads\/2021\/04\/logotipo-site-novo.png","width":150,"height":119,"caption":"Digital Help"},"image":{"@id":"https:\/\/digitalhelp.rgdi.net\/site\/#\/schema\/logo\/image\/"},"sameAs":["https:\/\/www.facebook.com\/digitalhelp.rgdi.net"]}]}},"rttpg_featured_image_url":null,"rttpg_author":{"display_name":"digitalhelp","author_link":"https:\/\/digitalhelp.rgdi.net\/site\/author\/digitalhelp\/"},"rttpg_comment":0,"rttpg_category":null,"rttpg_excerpt":"Miss\u00e3o, Vis\u00e3o, Princ\u00edpios e Valores Conhe\u00e7a mais sobre n\u00f3s! Nossa Miss\u00e3o, Nossa vis\u00e3o, Nossos Princ\u00edpios e Valores. Nossa Miss\u00e3o Nossa miss\u00e3o sempre foi ajudar, da melhor forma poss\u00edvel, nossos clientes, oferecendo ferramentas e solu\u00e7\u00f5es de qualidade nas \u00e1reas de TI, Marketing e Publicidade, contribuindo para o crescimento e o sucesso empresarial daqueles que escolhem apostar...","_links":{"self":[{"href":"https:\/\/digitalhelp.rgdi.net\/site\/wp-json\/wp\/v2\/pages\/1866","targetHints":{"allow":["GET"]}}],"collection":[{"href":"https:\/\/digitalhelp.rgdi.net\/site\/wp-json\/wp\/v2\/pages"}],"about":[{"href":"https:\/\/digitalhelp.rgdi.net\/site\/wp-json\/wp\/v2\/types\/page"}],"author":[{"embeddable":true,"href":"https:\/\/digitalhelp.rgdi.net\/site\/wp-json\/wp\/v2\/users\/1"}],"replies":[{"embeddable":true,"href":"https:\/\/digitalhelp.rgdi.net\/site\/wp-json\/wp\/v2\/comments?post=1866"}],"version-history":[{"count":51,"href":"https:\/\/digitalhelp.rgdi.net\/site\/wp-json\/wp\/v2\/pages\/1866\/revisions"}],"predecessor-version":[{"id":5990,"href":"https:\/\/digitalhelp.rgdi.net\/site\/wp-json\/wp\/v2\/pages\/1866\/revisions\/5990"}],"wp:attachment":[{"href":"https:\/\/digitalhelp.rgdi.net\/site\/wp-json\/wp\/v2\/media?parent=1866"}],"curies":[{"name":"wp","href":"https:\/\/api.w.org\/{rel}","templated":true}]}}