{"id":2330,"date":"2021-03-18T18:13:10","date_gmt":"2021-03-18T21:13:10","guid":{"rendered":"http:\/\/digitalhelp.rgdi.net\/site\/?page_id=2330"},"modified":"2023-11-23T14:34:23","modified_gmt":"2023-11-23T17:34:23","slug":"impressos","status":"publish","type":"page","link":"https:\/\/digitalhelp.rgdi.net\/site\/impressos\/","title":{"rendered":"Impressos"},"content":{"rendered":"\n<p class=\"has-medium-font-size\">Mesmo com a tecnologia em alta, impressos ainda podem fazer a diferen\u00e7a! <\/p>\n\n\n\n<p class=\"has-medium-font-size\">Trabalhamos com  Artes Gr\u00e1ficas para qualquer tipo de material impresso. Voc\u00ea pode contratar a arte conosco e imprimir na gr\u00e1fica de sua confian\u00e7a! <\/p>\n\n\n\n<p class=\"has-medium-font-size\">Caso defina por imprimir conosco, a impress\u00e3o \u00e9 feita em uma das melhores gr\u00e1ficas do Brasil, garatindo um material de \u00f3tima qualidade e de pre\u00e7o super acess\u00edvel.<\/p>\n\n\n\n<div style=\"height:61px\" aria-hidden=\"true\" class=\"wp-block-spacer\"><\/div>\n\n\n\n<figure class=\"wp-block-gallery has-nested-images columns-4 is-cropped wp-block-gallery-1 is-layout-flex wp-block-gallery-is-layout-flex\">\n<figure class=\"wp-block-image size-large\"><a href=\"https:\/\/digitalhelp.rgdi.net\/site\/wp-content\/uploads\/2023\/01\/Copia-de-Portfolio-DHB-4-2.png\" rel=\"lightbox-0\"><img loading=\"lazy\" decoding=\"async\" width=\"1024\" height=\"1024\" data-id=\"5149\" src=\"https:\/\/digitalhelp.rgdi.net\/site\/wp-content\/uploads\/2023\/01\/Copia-de-Portfolio-DHB-4-2-1024x1024.png\" alt=\"\" class=\"wp-image-5149\" srcset=\"https:\/\/digitalhelp.rgdi.net\/site\/wp-content\/uploads\/2023\/01\/Copia-de-Portfolio-DHB-4-2-1024x1024.png 1024w, https:\/\/digitalhelp.rgdi.net\/site\/wp-content\/uploads\/2023\/01\/Copia-de-Portfolio-DHB-4-2-400x400.png 400w, https:\/\/digitalhelp.rgdi.net\/site\/wp-content\/uploads\/2023\/01\/Copia-de-Portfolio-DHB-4-2-768x768.png 768w, https:\/\/digitalhelp.rgdi.net\/site\/wp-content\/uploads\/2023\/01\/Copia-de-Portfolio-DHB-4-2-300x300.png 300w, https:\/\/digitalhelp.rgdi.net\/site\/wp-content\/uploads\/2023\/01\/Copia-de-Portfolio-DHB-4-2-600x600.png 600w, https:\/\/digitalhelp.rgdi.net\/site\/wp-content\/uploads\/2023\/01\/Copia-de-Portfolio-DHB-4-2-800x800.png 800w, https:\/\/digitalhelp.rgdi.net\/site\/wp-content\/uploads\/2023\/01\/Copia-de-Portfolio-DHB-4-2-45x45.png 45w, https:\/\/digitalhelp.rgdi.net\/site\/wp-content\/uploads\/2023\/01\/Copia-de-Portfolio-DHB-4-2.png 1080w\" sizes=\"auto, (max-width: 1024px) 100vw, 1024px\" \/><\/a><\/figure>\n\n\n\n<figure class=\"wp-block-image size-large\"><a href=\"https:\/\/digitalhelp.rgdi.net\/site\/wp-content\/uploads\/2023\/01\/Copia-de-Portfolio-DHB-10.png\" rel=\"lightbox-1\"><img loading=\"lazy\" decoding=\"async\" width=\"1024\" height=\"1024\" data-id=\"5144\" src=\"https:\/\/digitalhelp.rgdi.net\/site\/wp-content\/uploads\/2023\/01\/Copia-de-Portfolio-DHB-10-1024x1024.png\" alt=\"\" class=\"wp-image-5144\" srcset=\"https:\/\/digitalhelp.rgdi.net\/site\/wp-content\/uploads\/2023\/01\/Copia-de-Portfolio-DHB-10-1024x1024.png 1024w, https:\/\/digitalhelp.rgdi.net\/site\/wp-content\/uploads\/2023\/01\/Copia-de-Portfolio-DHB-10-400x400.png 400w, https:\/\/digitalhelp.rgdi.net\/site\/wp-content\/uploads\/2023\/01\/Copia-de-Portfolio-DHB-10-768x768.png 768w, https:\/\/digitalhelp.rgdi.net\/site\/wp-content\/uploads\/2023\/01\/Copia-de-Portfolio-DHB-10-300x300.png 300w, https:\/\/digitalhelp.rgdi.net\/site\/wp-content\/uploads\/2023\/01\/Copia-de-Portfolio-DHB-10-600x600.png 600w, https:\/\/digitalhelp.rgdi.net\/site\/wp-content\/uploads\/2023\/01\/Copia-de-Portfolio-DHB-10-800x800.png 800w, https:\/\/digitalhelp.rgdi.net\/site\/wp-content\/uploads\/2023\/01\/Copia-de-Portfolio-DHB-10-45x45.png 45w, https:\/\/digitalhelp.rgdi.net\/site\/wp-content\/uploads\/2023\/01\/Copia-de-Portfolio-DHB-10.png 1080w\" sizes=\"auto, (max-width: 1024px) 100vw, 1024px\" \/><\/a><\/figure>\n\n\n\n<figure class=\"wp-block-image size-large\"><a href=\"https:\/\/digitalhelp.rgdi.net\/site\/wp-content\/uploads\/2023\/01\/Copia-de-Portfolio-DHB-9.png\" rel=\"lightbox-2\"><img loading=\"lazy\" decoding=\"async\" width=\"1024\" height=\"1024\" data-id=\"5143\" src=\"https:\/\/digitalhelp.rgdi.net\/site\/wp-content\/uploads\/2023\/01\/Copia-de-Portfolio-DHB-9-1024x1024.png\" alt=\"\" class=\"wp-image-5143\" srcset=\"https:\/\/digitalhelp.rgdi.net\/site\/wp-content\/uploads\/2023\/01\/Copia-de-Portfolio-DHB-9-1024x1024.png 1024w, https:\/\/digitalhelp.rgdi.net\/site\/wp-content\/uploads\/2023\/01\/Copia-de-Portfolio-DHB-9-400x400.png 400w, https:\/\/digitalhelp.rgdi.net\/site\/wp-content\/uploads\/2023\/01\/Copia-de-Portfolio-DHB-9-768x768.png 768w, https:\/\/digitalhelp.rgdi.net\/site\/wp-content\/uploads\/2023\/01\/Copia-de-Portfolio-DHB-9-300x300.png 300w, https:\/\/digitalhelp.rgdi.net\/site\/wp-content\/uploads\/2023\/01\/Copia-de-Portfolio-DHB-9-600x600.png 600w, https:\/\/digitalhelp.rgdi.net\/site\/wp-content\/uploads\/2023\/01\/Copia-de-Portfolio-DHB-9-800x800.png 800w, https:\/\/digitalhelp.rgdi.net\/site\/wp-content\/uploads\/2023\/01\/Copia-de-Portfolio-DHB-9-45x45.png 45w, https:\/\/digitalhelp.rgdi.net\/site\/wp-content\/uploads\/2023\/01\/Copia-de-Portfolio-DHB-9.png 1080w\" sizes=\"auto, (max-width: 1024px) 100vw, 1024px\" \/><\/a><\/figure>\n\n\n\n<figure class=\"wp-block-image size-large\"><a href=\"https:\/\/digitalhelp.rgdi.net\/site\/wp-content\/uploads\/2023\/01\/Copia-de-Portfolio-DHB-8.png\" rel=\"lightbox-3\"><img loading=\"lazy\" decoding=\"async\" width=\"1024\" height=\"1024\" data-id=\"5142\" src=\"https:\/\/digitalhelp.rgdi.net\/site\/wp-content\/uploads\/2023\/01\/Copia-de-Portfolio-DHB-8-1024x1024.png\" alt=\"\" class=\"wp-image-5142\" srcset=\"https:\/\/digitalhelp.rgdi.net\/site\/wp-content\/uploads\/2023\/01\/Copia-de-Portfolio-DHB-8-1024x1024.png 1024w, https:\/\/digitalhelp.rgdi.net\/site\/wp-content\/uploads\/2023\/01\/Copia-de-Portfolio-DHB-8-400x400.png 400w, https:\/\/digitalhelp.rgdi.net\/site\/wp-content\/uploads\/2023\/01\/Copia-de-Portfolio-DHB-8-768x768.png 768w, https:\/\/digitalhelp.rgdi.net\/site\/wp-content\/uploads\/2023\/01\/Copia-de-Portfolio-DHB-8-300x300.png 300w, https:\/\/digitalhelp.rgdi.net\/site\/wp-content\/uploads\/2023\/01\/Copia-de-Portfolio-DHB-8-600x600.png 600w, https:\/\/digitalhelp.rgdi.net\/site\/wp-content\/uploads\/2023\/01\/Copia-de-Portfolio-DHB-8-800x800.png 800w, https:\/\/digitalhelp.rgdi.net\/site\/wp-content\/uploads\/2023\/01\/Copia-de-Portfolio-DHB-8-45x45.png 45w, https:\/\/digitalhelp.rgdi.net\/site\/wp-content\/uploads\/2023\/01\/Copia-de-Portfolio-DHB-8.png 1080w\" sizes=\"auto, (max-width: 1024px) 100vw, 1024px\" \/><\/a><\/figure>\n\n\n\n<figure class=\"wp-block-image size-large\"><a href=\"https:\/\/digitalhelp.rgdi.net\/site\/wp-content\/uploads\/2023\/01\/Copia-de-Portfolio-DHB-12.png\" rel=\"lightbox-4\"><img loading=\"lazy\" decoding=\"async\" width=\"1024\" height=\"1024\" data-id=\"5133\" src=\"https:\/\/digitalhelp.rgdi.net\/site\/wp-content\/uploads\/2023\/01\/Copia-de-Portfolio-DHB-12-1024x1024.png\" alt=\"\" class=\"wp-image-5133\" srcset=\"https:\/\/digitalhelp.rgdi.net\/site\/wp-content\/uploads\/2023\/01\/Copia-de-Portfolio-DHB-12-1024x1024.png 1024w, https:\/\/digitalhelp.rgdi.net\/site\/wp-content\/uploads\/2023\/01\/Copia-de-Portfolio-DHB-12-400x400.png 400w, https:\/\/digitalhelp.rgdi.net\/site\/wp-content\/uploads\/2023\/01\/Copia-de-Portfolio-DHB-12-768x768.png 768w, https:\/\/digitalhelp.rgdi.net\/site\/wp-content\/uploads\/2023\/01\/Copia-de-Portfolio-DHB-12-300x300.png 300w, https:\/\/digitalhelp.rgdi.net\/site\/wp-content\/uploads\/2023\/01\/Copia-de-Portfolio-DHB-12-600x600.png 600w, https:\/\/digitalhelp.rgdi.net\/site\/wp-content\/uploads\/2023\/01\/Copia-de-Portfolio-DHB-12-800x800.png 800w, https:\/\/digitalhelp.rgdi.net\/site\/wp-content\/uploads\/2023\/01\/Copia-de-Portfolio-DHB-12-45x45.png 45w, https:\/\/digitalhelp.rgdi.net\/site\/wp-content\/uploads\/2023\/01\/Copia-de-Portfolio-DHB-12.png 1080w\" sizes=\"auto, (max-width: 1024px) 100vw, 1024px\" \/><\/a><\/figure>\n\n\n\n<figure class=\"wp-block-image size-large\"><a href=\"https:\/\/digitalhelp.rgdi.net\/site\/wp-content\/uploads\/2023\/01\/Copia-de-Portfolio-DHB-11.png\" rel=\"lightbox-5\"><img loading=\"lazy\" decoding=\"async\" width=\"1024\" height=\"1024\" data-id=\"5132\" src=\"https:\/\/digitalhelp.rgdi.net\/site\/wp-content\/uploads\/2023\/01\/Copia-de-Portfolio-DHB-11-1024x1024.png\" alt=\"\" class=\"wp-image-5132\" srcset=\"https:\/\/digitalhelp.rgdi.net\/site\/wp-content\/uploads\/2023\/01\/Copia-de-Portfolio-DHB-11-1024x1024.png 1024w, https:\/\/digitalhelp.rgdi.net\/site\/wp-content\/uploads\/2023\/01\/Copia-de-Portfolio-DHB-11-400x400.png 400w, https:\/\/digitalhelp.rgdi.net\/site\/wp-content\/uploads\/2023\/01\/Copia-de-Portfolio-DHB-11-768x768.png 768w, https:\/\/digitalhelp.rgdi.net\/site\/wp-content\/uploads\/2023\/01\/Copia-de-Portfolio-DHB-11-300x300.png 300w, https:\/\/digitalhelp.rgdi.net\/site\/wp-content\/uploads\/2023\/01\/Copia-de-Portfolio-DHB-11-600x600.png 600w, https:\/\/digitalhelp.rgdi.net\/site\/wp-content\/uploads\/2023\/01\/Copia-de-Portfolio-DHB-11-800x800.png 800w, https:\/\/digitalhelp.rgdi.net\/site\/wp-content\/uploads\/2023\/01\/Copia-de-Portfolio-DHB-11-45x45.png 45w, https:\/\/digitalhelp.rgdi.net\/site\/wp-content\/uploads\/2023\/01\/Copia-de-Portfolio-DHB-11.png 1080w\" sizes=\"auto, (max-width: 1024px) 100vw, 1024px\" \/><\/a><\/figure>\n\n\n\n<figure class=\"wp-block-image size-large\"><a href=\"https:\/\/digitalhelp.rgdi.net\/site\/wp-content\/uploads\/2021\/01\/613441e496b3e3e2743fd2ad3bcceba4-adesivo-fachada-adv-rudinei-horst.jpg\" rel=\"lightbox-6\"><img loading=\"lazy\" decoding=\"async\" width=\"517\" height=\"514\" data-id=\"1797\" src=\"https:\/\/digitalhelp.rgdi.net\/site\/wp-content\/uploads\/2021\/01\/613441e496b3e3e2743fd2ad3bcceba4-adesivo-fachada-adv-rudinei-horst.jpg\" alt=\"\" class=\"wp-image-1797\" srcset=\"https:\/\/digitalhelp.rgdi.net\/site\/wp-content\/uploads\/2021\/01\/613441e496b3e3e2743fd2ad3bcceba4-adesivo-fachada-adv-rudinei-horst.jpg 517w, https:\/\/digitalhelp.rgdi.net\/site\/wp-content\/uploads\/2021\/01\/613441e496b3e3e2743fd2ad3bcceba4-adesivo-fachada-adv-rudinei-horst-400x398.jpg 400w, https:\/\/digitalhelp.rgdi.net\/site\/wp-content\/uploads\/2021\/01\/613441e496b3e3e2743fd2ad3bcceba4-adesivo-fachada-adv-rudinei-horst-100x100.jpg 100w\" sizes=\"auto, (max-width: 517px) 100vw, 517px\" \/><\/a><\/figure>\n<\/figure>\n","protected":false},"excerpt":{"rendered":"<p>Mesmo com a tecnologia em alta, impressos ainda podem fazer a diferen\u00e7a! Trabalhamos com Artes Gr\u00e1ficas para qualquer tipo de material impresso. Voc\u00ea pode contratar a arte conosco e imprimir na gr\u00e1fica de sua confian\u00e7a! Caso defina por imprimir conosco, a impress\u00e3o \u00e9 feita em uma das melhores gr\u00e1ficas do Brasil, garatindo um material de&#8230;<\/p>\n","protected":false},"author":1,"featured_media":0,"parent":0,"menu_order":0,"comment_status":"closed","ping_status":"closed","template":"","meta":{"_eb_attr":"","_vp_format_video_url":"","_vp_image_focal_point":[],"footnotes":""},"class_list":["post-2330","page","type-page","status-publish","hentry"],"yoast_head":"<!-- This site is optimized with the Yoast SEO plugin v27.2 - https:\/\/yoast.com\/product\/yoast-seo-wordpress\/ -->\n<title>Impressos - Fa\u00e7a parte da EVOLU\u00c7\u00c3O Digital<\/title>\n<meta name=\"robots\" content=\"index, follow, max-snippet:-1, max-image-preview:large, max-video-preview:-1\" \/>\n<link rel=\"canonical\" href=\"https:\/\/digitalhelp.rgdi.net\/site\/impressos\/\" \/>\n<meta property=\"og:locale\" content=\"pt_BR\" \/>\n<meta property=\"og:type\" content=\"article\" \/>\n<meta property=\"og:title\" content=\"Impressos - Fa\u00e7a parte da EVOLU\u00c7\u00c3O Digital\" \/>\n<meta property=\"og:description\" content=\"Mesmo com a tecnologia em alta, impressos ainda podem fazer a diferen\u00e7a! Trabalhamos com Artes Gr\u00e1ficas para qualquer tipo de material impresso. Voc\u00ea pode contratar a arte conosco e imprimir na gr\u00e1fica de sua confian\u00e7a! Caso defina por imprimir conosco, a impress\u00e3o \u00e9 feita em uma das melhores gr\u00e1ficas do Brasil, garatindo um material de...\" \/>\n<meta property=\"og:url\" content=\"https:\/\/digitalhelp.rgdi.net\/site\/impressos\/\" \/>\n<meta property=\"og:site_name\" content=\"Fa\u00e7a parte da EVOLU\u00c7\u00c3O Digital\" \/>\n<meta property=\"article:publisher\" content=\"https:\/\/www.facebook.com\/digitalhelp.rgdi.net\" \/>\n<meta property=\"article:modified_time\" content=\"2023-11-23T17:34:23+00:00\" \/>\n<meta property=\"og:image\" content=\"http:\/\/digitalhelp.rgdi.net\/site\/wp-content\/uploads\/2021\/03\/impressos.jpg\" \/>\n<meta name=\"twitter:card\" content=\"summary_large_image\" \/>\n<script type=\"application\/ld+json\" class=\"yoast-schema-graph\">{\"@context\":\"https:\/\/schema.org\",\"@graph\":[{\"@type\":\"WebPage\",\"@id\":\"https:\/\/digitalhelp.rgdi.net\/site\/impressos\/\",\"url\":\"https:\/\/digitalhelp.rgdi.net\/site\/impressos\/\",\"name\":\"Impressos - Fa\u00e7a parte da EVOLU\u00c7\u00c3O Digital\",\"isPartOf\":{\"@id\":\"https:\/\/digitalhelp.rgdi.net\/site\/#website\"},\"primaryImageOfPage\":{\"@id\":\"https:\/\/digitalhelp.rgdi.net\/site\/impressos\/#primaryimage\"},\"image\":{\"@id\":\"https:\/\/digitalhelp.rgdi.net\/site\/impressos\/#primaryimage\"},\"thumbnailUrl\":\"https:\/\/digitalhelp.rgdi.net\/site\/wp-content\/uploads\/2023\/01\/Copia-de-Portfolio-DHB-4-2-1024x1024.png\",\"datePublished\":\"2021-03-18T21:13:10+00:00\",\"dateModified\":\"2023-11-23T17:34:23+00:00\",\"breadcrumb\":{\"@id\":\"https:\/\/digitalhelp.rgdi.net\/site\/impressos\/#breadcrumb\"},\"inLanguage\":\"pt-BR\",\"potentialAction\":[{\"@type\":\"ReadAction\",\"target\":[\"https:\/\/digitalhelp.rgdi.net\/site\/impressos\/\"]}]},{\"@type\":\"ImageObject\",\"inLanguage\":\"pt-BR\",\"@id\":\"https:\/\/digitalhelp.rgdi.net\/site\/impressos\/#primaryimage\",\"url\":\"https:\/\/digitalhelp.rgdi.net\/site\/wp-content\/uploads\/2023\/01\/Copia-de-Portfolio-DHB-4-2.png\",\"contentUrl\":\"https:\/\/digitalhelp.rgdi.net\/site\/wp-content\/uploads\/2023\/01\/Copia-de-Portfolio-DHB-4-2.png\",\"width\":1080,\"height\":1080},{\"@type\":\"BreadcrumbList\",\"@id\":\"https:\/\/digitalhelp.rgdi.net\/site\/impressos\/#breadcrumb\",\"itemListElement\":[{\"@type\":\"ListItem\",\"position\":1,\"name\":\"In\u00edcio\",\"item\":\"https:\/\/digitalhelp.rgdi.net\/site\/\"},{\"@type\":\"ListItem\",\"position\":2,\"name\":\"Impressos\"}]},{\"@type\":\"WebSite\",\"@id\":\"https:\/\/digitalhelp.rgdi.net\/site\/#website\",\"url\":\"https:\/\/digitalhelp.rgdi.net\/site\/\",\"name\":\"Fa\u00e7a parte da EVOLU\u00c7\u00c3O Digital\",\"description\":\"Fa\u00e7a parte da EVOLU\u00c7\u00c3O Digital.\",\"publisher\":{\"@id\":\"https:\/\/digitalhelp.rgdi.net\/site\/#organization\"},\"potentialAction\":[{\"@type\":\"SearchAction\",\"target\":{\"@type\":\"EntryPoint\",\"urlTemplate\":\"https:\/\/digitalhelp.rgdi.net\/site\/?s={search_term_string}\"},\"query-input\":{\"@type\":\"PropertyValueSpecification\",\"valueRequired\":true,\"valueName\":\"search_term_string\"}}],\"inLanguage\":\"pt-BR\"},{\"@type\":\"Organization\",\"@id\":\"https:\/\/digitalhelp.rgdi.net\/site\/#organization\",\"name\":\"Digital Help\",\"url\":\"https:\/\/digitalhelp.rgdi.net\/site\/\",\"logo\":{\"@type\":\"ImageObject\",\"inLanguage\":\"pt-BR\",\"@id\":\"https:\/\/digitalhelp.rgdi.net\/site\/#\/schema\/logo\/image\/\",\"url\":\"https:\/\/digitalhelp.rgdi.net\/site\/wp-content\/uploads\/2021\/04\/logotipo-site-novo.png\",\"contentUrl\":\"https:\/\/digitalhelp.rgdi.net\/site\/wp-content\/uploads\/2021\/04\/logotipo-site-novo.png\",\"width\":150,\"height\":119,\"caption\":\"Digital Help\"},\"image\":{\"@id\":\"https:\/\/digitalhelp.rgdi.net\/site\/#\/schema\/logo\/image\/\"},\"sameAs\":[\"https:\/\/www.facebook.com\/digitalhelp.rgdi.net\"]}]}<\/script>\n<!-- \/ Yoast SEO plugin. -->","yoast_head_json":{"title":"Impressos - Fa\u00e7a parte da EVOLU\u00c7\u00c3O Digital","robots":{"index":"index","follow":"follow","max-snippet":"max-snippet:-1","max-image-preview":"max-image-preview:large","max-video-preview":"max-video-preview:-1"},"canonical":"https:\/\/digitalhelp.rgdi.net\/site\/impressos\/","og_locale":"pt_BR","og_type":"article","og_title":"Impressos - Fa\u00e7a parte da EVOLU\u00c7\u00c3O Digital","og_description":"Mesmo com a tecnologia em alta, impressos ainda podem fazer a diferen\u00e7a! Trabalhamos com Artes Gr\u00e1ficas para qualquer tipo de material impresso. Voc\u00ea pode contratar a arte conosco e imprimir na gr\u00e1fica de sua confian\u00e7a! Caso defina por imprimir conosco, a impress\u00e3o \u00e9 feita em uma das melhores gr\u00e1ficas do Brasil, garatindo um material de...","og_url":"https:\/\/digitalhelp.rgdi.net\/site\/impressos\/","og_site_name":"Fa\u00e7a parte da EVOLU\u00c7\u00c3O Digital","article_publisher":"https:\/\/www.facebook.com\/digitalhelp.rgdi.net","article_modified_time":"2023-11-23T17:34:23+00:00","og_image":[{"url":"http:\/\/digitalhelp.rgdi.net\/site\/wp-content\/uploads\/2021\/03\/impressos.jpg","type":"","width":"","height":""}],"twitter_card":"summary_large_image","schema":{"@context":"https:\/\/schema.org","@graph":[{"@type":"WebPage","@id":"https:\/\/digitalhelp.rgdi.net\/site\/impressos\/","url":"https:\/\/digitalhelp.rgdi.net\/site\/impressos\/","name":"Impressos - Fa\u00e7a parte da EVOLU\u00c7\u00c3O Digital","isPartOf":{"@id":"https:\/\/digitalhelp.rgdi.net\/site\/#website"},"primaryImageOfPage":{"@id":"https:\/\/digitalhelp.rgdi.net\/site\/impressos\/#primaryimage"},"image":{"@id":"https:\/\/digitalhelp.rgdi.net\/site\/impressos\/#primaryimage"},"thumbnailUrl":"https:\/\/digitalhelp.rgdi.net\/site\/wp-content\/uploads\/2023\/01\/Copia-de-Portfolio-DHB-4-2-1024x1024.png","datePublished":"2021-03-18T21:13:10+00:00","dateModified":"2023-11-23T17:34:23+00:00","breadcrumb":{"@id":"https:\/\/digitalhelp.rgdi.net\/site\/impressos\/#breadcrumb"},"inLanguage":"pt-BR","potentialAction":[{"@type":"ReadAction","target":["https:\/\/digitalhelp.rgdi.net\/site\/impressos\/"]}]},{"@type":"ImageObject","inLanguage":"pt-BR","@id":"https:\/\/digitalhelp.rgdi.net\/site\/impressos\/#primaryimage","url":"https:\/\/digitalhelp.rgdi.net\/site\/wp-content\/uploads\/2023\/01\/Copia-de-Portfolio-DHB-4-2.png","contentUrl":"https:\/\/digitalhelp.rgdi.net\/site\/wp-content\/uploads\/2023\/01\/Copia-de-Portfolio-DHB-4-2.png","width":1080,"height":1080},{"@type":"BreadcrumbList","@id":"https:\/\/digitalhelp.rgdi.net\/site\/impressos\/#breadcrumb","itemListElement":[{"@type":"ListItem","position":1,"name":"In\u00edcio","item":"https:\/\/digitalhelp.rgdi.net\/site\/"},{"@type":"ListItem","position":2,"name":"Impressos"}]},{"@type":"WebSite","@id":"https:\/\/digitalhelp.rgdi.net\/site\/#website","url":"https:\/\/digitalhelp.rgdi.net\/site\/","name":"Fa\u00e7a parte da EVOLU\u00c7\u00c3O Digital","description":"Fa\u00e7a parte da EVOLU\u00c7\u00c3O Digital.","publisher":{"@id":"https:\/\/digitalhelp.rgdi.net\/site\/#organization"},"potentialAction":[{"@type":"SearchAction","target":{"@type":"EntryPoint","urlTemplate":"https:\/\/digitalhelp.rgdi.net\/site\/?s={search_term_string}"},"query-input":{"@type":"PropertyValueSpecification","valueRequired":true,"valueName":"search_term_string"}}],"inLanguage":"pt-BR"},{"@type":"Organization","@id":"https:\/\/digitalhelp.rgdi.net\/site\/#organization","name":"Digital Help","url":"https:\/\/digitalhelp.rgdi.net\/site\/","logo":{"@type":"ImageObject","inLanguage":"pt-BR","@id":"https:\/\/digitalhelp.rgdi.net\/site\/#\/schema\/logo\/image\/","url":"https:\/\/digitalhelp.rgdi.net\/site\/wp-content\/uploads\/2021\/04\/logotipo-site-novo.png","contentUrl":"https:\/\/digitalhelp.rgdi.net\/site\/wp-content\/uploads\/2021\/04\/logotipo-site-novo.png","width":150,"height":119,"caption":"Digital Help"},"image":{"@id":"https:\/\/digitalhelp.rgdi.net\/site\/#\/schema\/logo\/image\/"},"sameAs":["https:\/\/www.facebook.com\/digitalhelp.rgdi.net"]}]}},"rttpg_featured_image_url":null,"rttpg_author":{"display_name":"digitalhelp","author_link":"https:\/\/digitalhelp.rgdi.net\/site\/author\/digitalhelp\/"},"rttpg_comment":0,"rttpg_category":null,"rttpg_excerpt":"Mesmo com a tecnologia em alta, impressos ainda podem fazer a diferen\u00e7a! Trabalhamos com Artes Gr\u00e1ficas para qualquer tipo de material impresso. Voc\u00ea pode contratar a arte conosco e imprimir na gr\u00e1fica de sua confian\u00e7a! Caso defina por imprimir conosco, a impress\u00e3o \u00e9 feita em uma das melhores gr\u00e1ficas do Brasil, garatindo um material de...","_links":{"self":[{"href":"https:\/\/digitalhelp.rgdi.net\/site\/wp-json\/wp\/v2\/pages\/2330","targetHints":{"allow":["GET"]}}],"collection":[{"href":"https:\/\/digitalhelp.rgdi.net\/site\/wp-json\/wp\/v2\/pages"}],"about":[{"href":"https:\/\/digitalhelp.rgdi.net\/site\/wp-json\/wp\/v2\/types\/page"}],"author":[{"embeddable":true,"href":"https:\/\/digitalhelp.rgdi.net\/site\/wp-json\/wp\/v2\/users\/1"}],"replies":[{"embeddable":true,"href":"https:\/\/digitalhelp.rgdi.net\/site\/wp-json\/wp\/v2\/comments?post=2330"}],"version-history":[{"count":8,"href":"https:\/\/digitalhelp.rgdi.net\/site\/wp-json\/wp\/v2\/pages\/2330\/revisions"}],"predecessor-version":[{"id":5735,"href":"https:\/\/digitalhelp.rgdi.net\/site\/wp-json\/wp\/v2\/pages\/2330\/revisions\/5735"}],"wp:attachment":[{"href":"https:\/\/digitalhelp.rgdi.net\/site\/wp-json\/wp\/v2\/media?parent=2330"}],"curies":[{"name":"wp","href":"https:\/\/api.w.org\/{rel}","templated":true}]}}