{"id":5787,"date":"2024-03-06T09:49:07","date_gmt":"2024-03-06T12:49:07","guid":{"rendered":"https:\/\/digitalhelp.rgdi.net\/site\/?page_id=5787"},"modified":"2024-03-12T18:24:18","modified_gmt":"2024-03-12T21:24:18","slug":"eventos","status":"publish","type":"page","link":"https:\/\/digitalhelp.rgdi.net\/site\/eventos\/","title":{"rendered":"Live Sobre Certificado de Seguran\u00e7a Digital SSL"},"content":{"rendered":"\n<div style=\"height:30px\" aria-hidden=\"true\" class=\"wp-block-spacer\"><\/div>\n\n\n\n<style>\n .zak-entry-thumbnail {\n   display:none;\n }\n .zak-entry-header {\n    text-align:center;\n    font-weight:bold;\n}\n<\/style>\n\n\n\n<div class=\"wp-block-cover alignfull is-light\" style=\"padding-top:0;padding-right:0;padding-bottom:0;padding-left:0\"><span aria-hidden=\"true\" class=\"wp-block-cover__background has-white-background-color has-background-dim-100 has-background-dim\"><\/span><div class=\"wp-block-cover__inner-container is-layout-constrained wp-container-core-cover-is-layout-639b5052 wp-block-cover-is-layout-constrained\">\n<figure class=\"wp-block-embed alignfull is-type-video is-provider-youtube wp-block-embed-youtube wp-embed-aspect-16-9 wp-has-aspect-ratio\" style=\"margin-top:var(--wp--preset--spacing--40);margin-right:var(--wp--preset--spacing--40);margin-bottom:var(--wp--preset--spacing--40);margin-left:var(--wp--preset--spacing--40)\"><div class=\"wp-block-embed__wrapper\">\n<iframe loading=\"lazy\" title=\"Descubra tudo sobre o Certificado de Seguran\u00e7a Digital SSL\" width=\"500\" height=\"281\" src=\"https:\/\/www.youtube.com\/embed\/OYfaLNDavqU?feature=oembed\" frameborder=\"0\" allow=\"accelerometer; autoplay; clipboard-write; encrypted-media; gyroscope; picture-in-picture; web-share\" referrerpolicy=\"strict-origin-when-cross-origin\" allowfullscreen><\/iframe>\n<\/div><\/figure>\n<\/div><\/div>\n\n\n\n<div style=\"height:45px\" aria-hidden=\"true\" class=\"wp-block-spacer\"><\/div>\n\n\n\n<div class=\"wp-block-columns alignwide is-layout-flex wp-container-core-columns-is-layout-a54e0cfc wp-block-columns-is-layout-flex\" style=\"padding-top:var(--wp--preset--spacing--60);padding-bottom:var(--wp--preset--spacing--60)\">\n<div class=\"wp-block-column is-layout-flow wp-block-column-is-layout-flow\" style=\"flex-basis:46.67%\">\n<p>Assista nossa Live e Descubra tudo sobre o Certificado de Seguran\u00e7a Digital SSL e como ele Protege os Dados dos seus Clientes com Criptografia de Ponta!<\/p>\n\n\n\n<p><strong>Live Especial Promovida pela Digtial Help Brasil:<\/strong><\/p>\n\n\n\n<ul class=\"wp-block-list\">\n<li><strong>Data:<\/strong> Ter\u00e7a-Feira, 12\/03\/2024<\/li>\n\n\n\n<li><strong>Hor\u00e1rio:<\/strong> 19 Horas<\/li>\n<\/ul>\n\n\n\n<p><strong>Assista pelos nossos Canais Online:<\/strong><\/p>\n\n\n\n<ul class=\"wp-block-list\">\n<li><strong>YouTube:<\/strong> <a href=\"https:\/\/www.youtube.com\/watch?v=OYfaLNDavqU\" data-type=\"link\" data-id=\"youtube.com\/@digitalhelpbrasil\" target=\"_blank\" rel=\"noreferrer noopener lightbox-video-0\">@digitalhelpbrasil<\/a><\/li>\n\n\n\n<li><strong>Instagram:<\/strong> <a href=\"https:\/\/instagram.com\/@digitalhelpbrasil\" data-type=\"link\" data-id=\"https:\/\/instagram.com\/@digitalhelpbrasil\" target=\"_blank\" rel=\"noreferrer noopener\">@digitalhelpbrasil<\/a><\/li>\n<\/ul>\n<\/div>\n\n\n\n<div class=\"wp-block-column is-layout-flow wp-block-column-is-layout-flow\" style=\"flex-basis:50%\">\n<iframe loading=\"lazy\" src=\"https:\/\/docs.google.com\/forms\/d\/e\/1FAIpQLSeo48bWmvzpQn5mHPEMFgCM0fXbBBnkDW0OIhpHBbOX830yfw\/viewform?embedded=true\" width=\"640\" height=\"500\" frameborder=\"0\" marginheight=\"0\" marginwidth=\"0\">Carregando\u2026<\/iframe>\n<\/div>\n<\/div>\n\n\n\n<div class=\"wp-block-columns is-layout-flex wp-container-core-columns-is-layout-28f84493 wp-block-columns-is-layout-flex\">\n<div class=\"wp-block-column is-layout-flow wp-block-column-is-layout-flow\" style=\"flex-basis:66.66%\">\n<p class=\"has-large-font-size\"><strong>N\u00e3o Perca nossa Live! <\/strong><\/p>\n\n\n\n<ul class=\"wp-block-list\">\n<li>O que \u00e9 Certificado Digital SSL?<\/li>\n\n\n\n<li>Qual a Diferen\u00e7a Entre Protocolo &#8220;http&#8221; e &#8220;https&#8221;?<\/li>\n\n\n\n<li>Como um SSL Protege os Dados do seu Cliente?<\/li>\n\n\n\n<li>Como verificar se seu Site \u00e9 Seguro?<\/li>\n\n\n\n<li>Quais os riscos de Navegar em Sites sem SSL?<\/li>\n\n\n\n<li>Qual a Rela\u00e7\u00e3o Entre Dom\u00ednio Online, Hospedagem de Sites e Certificado SSL?<\/li>\n<\/ul>\n\n\n\n<p><strong>P\u00e1gina do Evento no Facebook:<\/strong><\/p>\n\n\n\n<ul class=\"wp-block-list\">\n<li><a href=\"https:\/\/facebook.com\/events\/s\/descubra-tudo-sobre-o-certific\/1624628161640155\/\" target=\"_blank\" rel=\"noreferrer noopener\">https:\/\/facebook.com\/events\/s\/descubra-tudo-sobre-o-certific\/1624628161640155<\/a><\/li>\n<\/ul>\n<\/div>\n\n\n\n<div class=\"wp-block-column is-layout-flow wp-block-column-is-layout-flow\" style=\"flex-basis:33.33%\">\n<figure class=\"wp-block-image size-full is-resized\"><img loading=\"lazy\" decoding=\"async\" width=\"262\" height=\"97\" src=\"https:\/\/digitalhelp.rgdi.net\/site\/wp-content\/uploads\/2024\/03\/selo-ssl.png\" alt=\"\" class=\"wp-image-5795\" style=\"width:230px\" srcset=\"https:\/\/digitalhelp.rgdi.net\/site\/wp-content\/uploads\/2024\/03\/selo-ssl.png 262w, https:\/\/digitalhelp.rgdi.net\/site\/wp-content\/uploads\/2024\/03\/selo-ssl-200x74.png 200w\" sizes=\"auto, (max-width: 262px) 100vw, 262px\" \/><\/figure>\n\n\n\n<figure class=\"wp-block-image size-full is-resized\"><img loading=\"lazy\" decoding=\"async\" width=\"300\" height=\"153\" src=\"https:\/\/digitalhelp.rgdi.net\/site\/wp-content\/uploads\/2024\/03\/httpxhttps.jpg\" alt=\"\" class=\"wp-image-5798\" style=\"width:230px\" srcset=\"https:\/\/digitalhelp.rgdi.net\/site\/wp-content\/uploads\/2024\/03\/httpxhttps.jpg 300w, https:\/\/digitalhelp.rgdi.net\/site\/wp-content\/uploads\/2024\/03\/httpxhttps-200x102.jpg 200w\" sizes=\"auto, (max-width: 300px) 100vw, 300px\" \/><\/figure>\n\n\n\n<figure class=\"wp-block-image size-large is-resized\"><img loading=\"lazy\" decoding=\"async\" width=\"1024\" height=\"576\" src=\"https:\/\/digitalhelp.rgdi.net\/site\/wp-content\/uploads\/2024\/03\/site-seguro-1024x576.png\" alt=\"\" class=\"wp-image-5800\" style=\"width:230px\" srcset=\"https:\/\/digitalhelp.rgdi.net\/site\/wp-content\/uploads\/2024\/03\/site-seguro-1024x576.png 1024w, https:\/\/digitalhelp.rgdi.net\/site\/wp-content\/uploads\/2024\/03\/site-seguro-400x225.png 400w, https:\/\/digitalhelp.rgdi.net\/site\/wp-content\/uploads\/2024\/03\/site-seguro-768x432.png 768w, https:\/\/digitalhelp.rgdi.net\/site\/wp-content\/uploads\/2024\/03\/site-seguro-1200x675.png 1200w, https:\/\/digitalhelp.rgdi.net\/site\/wp-content\/uploads\/2024\/03\/site-seguro-200x113.png 200w, https:\/\/digitalhelp.rgdi.net\/site\/wp-content\/uploads\/2024\/03\/site-seguro-300x169.png 300w, https:\/\/digitalhelp.rgdi.net\/site\/wp-content\/uploads\/2024\/03\/site-seguro-600x338.png 600w, https:\/\/digitalhelp.rgdi.net\/site\/wp-content\/uploads\/2024\/03\/site-seguro-800x450.png 800w, https:\/\/digitalhelp.rgdi.net\/site\/wp-content\/uploads\/2024\/03\/site-seguro.png 1280w\" sizes=\"auto, (max-width: 1024px) 100vw, 1024px\" \/><\/figure>\n<\/div>\n<\/div>\n\n\n\n<div class=\"blockart-section blockart-section-0548afdc\"><div class=\"blockart-container\"><div class=\"blockart-section-inner\"><\/div><\/div><\/div>\n\n\n\n<h2 class=\"blockart-heading blockart-heading-046f9233\"><\/h2>\n\n\n","protected":false},"excerpt":{"rendered":"<p>Assista nossa Live e Descubra tudo sobre o Certificado de Seguran\u00e7a Digital SSL e como ele Protege os Dados dos seus Clientes com Criptografia de Ponta! Live Especial Promovida pela Digtial Help Brasil: Assista pelos nossos Canais Online: Carregando\u2026 N\u00e3o Perca nossa Live! P\u00e1gina do Evento no Facebook:<\/p>\n","protected":false},"author":1,"featured_media":5792,"parent":0,"menu_order":0,"comment_status":"open","ping_status":"closed","template":"","meta":{"_eb_attr":"","_vp_format_video_url":"","_vp_image_focal_point":{"x":0,"y":0.5},"footnotes":""},"class_list":["post-5787","page","type-page","status-publish","has-post-thumbnail","hentry"],"yoast_head":"<!-- This site is optimized with the Yoast SEO plugin v27.2 - https:\/\/yoast.com\/product\/yoast-seo-wordpress\/ -->\n<title>Live Sobre Certificado de Seguran\u00e7a Digital SSL - Fa\u00e7a parte da EVOLU\u00c7\u00c3O Digital<\/title>\n<meta name=\"robots\" content=\"index, follow, max-snippet:-1, max-image-preview:large, max-video-preview:-1\" \/>\n<link rel=\"canonical\" href=\"https:\/\/digitalhelp.rgdi.net\/site\/eventos\/\" \/>\n<meta property=\"og:locale\" content=\"pt_BR\" \/>\n<meta property=\"og:type\" content=\"article\" \/>\n<meta property=\"og:title\" content=\"Live Sobre Certificado de Seguran\u00e7a Digital SSL - Fa\u00e7a parte da EVOLU\u00c7\u00c3O Digital\" \/>\n<meta property=\"og:description\" content=\"Assista nossa Live e Descubra tudo sobre o Certificado de Seguran\u00e7a Digital SSL e como ele Protege os Dados dos seus Clientes com Criptografia de Ponta! Live Especial Promovida pela Digtial Help Brasil: Assista pelos nossos Canais Online: Carregando\u2026 N\u00e3o Perca nossa Live! P\u00e1gina do Evento no Facebook:\" \/>\n<meta property=\"og:url\" content=\"https:\/\/digitalhelp.rgdi.net\/site\/eventos\/\" \/>\n<meta property=\"og:site_name\" content=\"Fa\u00e7a parte da EVOLU\u00c7\u00c3O Digital\" \/>\n<meta property=\"article:publisher\" content=\"https:\/\/www.facebook.com\/digitalhelp.rgdi.net\" \/>\n<meta property=\"article:modified_time\" content=\"2024-03-12T21:24:18+00:00\" \/>\n<meta property=\"og:image\" content=\"https:\/\/digitalhelp.rgdi.net\/site\/wp-content\/uploads\/2024\/03\/MINIATURA-LIVE-1.png\" \/>\n\t<meta property=\"og:image:width\" content=\"1280\" \/>\n\t<meta property=\"og:image:height\" content=\"720\" \/>\n\t<meta property=\"og:image:type\" content=\"image\/png\" \/>\n<meta name=\"twitter:card\" content=\"summary_large_image\" \/>\n<meta name=\"twitter:label1\" content=\"Est. tempo de leitura\" \/>\n\t<meta name=\"twitter:data1\" content=\"1 minuto\" \/>\n<script type=\"application\/ld+json\" class=\"yoast-schema-graph\">{\"@context\":\"https:\/\/schema.org\",\"@graph\":[{\"@type\":\"WebPage\",\"@id\":\"https:\/\/digitalhelp.rgdi.net\/site\/eventos\/\",\"url\":\"https:\/\/digitalhelp.rgdi.net\/site\/eventos\/\",\"name\":\"Live Sobre Certificado de Seguran\u00e7a Digital SSL - Fa\u00e7a parte da EVOLU\u00c7\u00c3O Digital\",\"isPartOf\":{\"@id\":\"https:\/\/digitalhelp.rgdi.net\/site\/#website\"},\"primaryImageOfPage\":{\"@id\":\"https:\/\/digitalhelp.rgdi.net\/site\/eventos\/#primaryimage\"},\"image\":{\"@id\":\"https:\/\/digitalhelp.rgdi.net\/site\/eventos\/#primaryimage\"},\"thumbnailUrl\":\"https:\/\/digitalhelp.rgdi.net\/site\/wp-content\/uploads\/2024\/03\/MINIATURA-LIVE-1.png\",\"datePublished\":\"2024-03-06T12:49:07+00:00\",\"dateModified\":\"2024-03-12T21:24:18+00:00\",\"breadcrumb\":{\"@id\":\"https:\/\/digitalhelp.rgdi.net\/site\/eventos\/#breadcrumb\"},\"inLanguage\":\"pt-BR\",\"potentialAction\":[{\"@type\":\"ReadAction\",\"target\":[\"https:\/\/digitalhelp.rgdi.net\/site\/eventos\/\"]}]},{\"@type\":\"ImageObject\",\"inLanguage\":\"pt-BR\",\"@id\":\"https:\/\/digitalhelp.rgdi.net\/site\/eventos\/#primaryimage\",\"url\":\"https:\/\/digitalhelp.rgdi.net\/site\/wp-content\/uploads\/2024\/03\/MINIATURA-LIVE-1.png\",\"contentUrl\":\"https:\/\/digitalhelp.rgdi.net\/site\/wp-content\/uploads\/2024\/03\/MINIATURA-LIVE-1.png\",\"width\":1280,\"height\":720},{\"@type\":\"BreadcrumbList\",\"@id\":\"https:\/\/digitalhelp.rgdi.net\/site\/eventos\/#breadcrumb\",\"itemListElement\":[{\"@type\":\"ListItem\",\"position\":1,\"name\":\"In\u00edcio\",\"item\":\"https:\/\/digitalhelp.rgdi.net\/site\/\"},{\"@type\":\"ListItem\",\"position\":2,\"name\":\"Live Sobre Certificado de Seguran\u00e7a Digital SSL\"}]},{\"@type\":\"WebSite\",\"@id\":\"https:\/\/digitalhelp.rgdi.net\/site\/#website\",\"url\":\"https:\/\/digitalhelp.rgdi.net\/site\/\",\"name\":\"Fa\u00e7a parte da EVOLU\u00c7\u00c3O Digital\",\"description\":\"Fa\u00e7a parte da EVOLU\u00c7\u00c3O Digital.\",\"publisher\":{\"@id\":\"https:\/\/digitalhelp.rgdi.net\/site\/#organization\"},\"potentialAction\":[{\"@type\":\"SearchAction\",\"target\":{\"@type\":\"EntryPoint\",\"urlTemplate\":\"https:\/\/digitalhelp.rgdi.net\/site\/?s={search_term_string}\"},\"query-input\":{\"@type\":\"PropertyValueSpecification\",\"valueRequired\":true,\"valueName\":\"search_term_string\"}}],\"inLanguage\":\"pt-BR\"},{\"@type\":\"Organization\",\"@id\":\"https:\/\/digitalhelp.rgdi.net\/site\/#organization\",\"name\":\"Digital Help\",\"url\":\"https:\/\/digitalhelp.rgdi.net\/site\/\",\"logo\":{\"@type\":\"ImageObject\",\"inLanguage\":\"pt-BR\",\"@id\":\"https:\/\/digitalhelp.rgdi.net\/site\/#\/schema\/logo\/image\/\",\"url\":\"https:\/\/digitalhelp.rgdi.net\/site\/wp-content\/uploads\/2021\/04\/logotipo-site-novo.png\",\"contentUrl\":\"https:\/\/digitalhelp.rgdi.net\/site\/wp-content\/uploads\/2021\/04\/logotipo-site-novo.png\",\"width\":150,\"height\":119,\"caption\":\"Digital Help\"},\"image\":{\"@id\":\"https:\/\/digitalhelp.rgdi.net\/site\/#\/schema\/logo\/image\/\"},\"sameAs\":[\"https:\/\/www.facebook.com\/digitalhelp.rgdi.net\"]}]}<\/script>\n<!-- \/ Yoast SEO plugin. -->","yoast_head_json":{"title":"Live Sobre Certificado de Seguran\u00e7a Digital SSL - Fa\u00e7a parte da EVOLU\u00c7\u00c3O Digital","robots":{"index":"index","follow":"follow","max-snippet":"max-snippet:-1","max-image-preview":"max-image-preview:large","max-video-preview":"max-video-preview:-1"},"canonical":"https:\/\/digitalhelp.rgdi.net\/site\/eventos\/","og_locale":"pt_BR","og_type":"article","og_title":"Live Sobre Certificado de Seguran\u00e7a Digital SSL - Fa\u00e7a parte da EVOLU\u00c7\u00c3O Digital","og_description":"Assista nossa Live e Descubra tudo sobre o Certificado de Seguran\u00e7a Digital SSL e como ele Protege os Dados dos seus Clientes com Criptografia de Ponta! Live Especial Promovida pela Digtial Help Brasil: Assista pelos nossos Canais Online: Carregando\u2026 N\u00e3o Perca nossa Live! P\u00e1gina do Evento no Facebook:","og_url":"https:\/\/digitalhelp.rgdi.net\/site\/eventos\/","og_site_name":"Fa\u00e7a parte da EVOLU\u00c7\u00c3O Digital","article_publisher":"https:\/\/www.facebook.com\/digitalhelp.rgdi.net","article_modified_time":"2024-03-12T21:24:18+00:00","og_image":[{"width":1280,"height":720,"url":"https:\/\/digitalhelp.rgdi.net\/site\/wp-content\/uploads\/2024\/03\/MINIATURA-LIVE-1.png","type":"image\/png"}],"twitter_card":"summary_large_image","twitter_misc":{"Est. tempo de leitura":"1 minuto"},"schema":{"@context":"https:\/\/schema.org","@graph":[{"@type":"WebPage","@id":"https:\/\/digitalhelp.rgdi.net\/site\/eventos\/","url":"https:\/\/digitalhelp.rgdi.net\/site\/eventos\/","name":"Live Sobre Certificado de Seguran\u00e7a Digital SSL - Fa\u00e7a parte da EVOLU\u00c7\u00c3O Digital","isPartOf":{"@id":"https:\/\/digitalhelp.rgdi.net\/site\/#website"},"primaryImageOfPage":{"@id":"https:\/\/digitalhelp.rgdi.net\/site\/eventos\/#primaryimage"},"image":{"@id":"https:\/\/digitalhelp.rgdi.net\/site\/eventos\/#primaryimage"},"thumbnailUrl":"https:\/\/digitalhelp.rgdi.net\/site\/wp-content\/uploads\/2024\/03\/MINIATURA-LIVE-1.png","datePublished":"2024-03-06T12:49:07+00:00","dateModified":"2024-03-12T21:24:18+00:00","breadcrumb":{"@id":"https:\/\/digitalhelp.rgdi.net\/site\/eventos\/#breadcrumb"},"inLanguage":"pt-BR","potentialAction":[{"@type":"ReadAction","target":["https:\/\/digitalhelp.rgdi.net\/site\/eventos\/"]}]},{"@type":"ImageObject","inLanguage":"pt-BR","@id":"https:\/\/digitalhelp.rgdi.net\/site\/eventos\/#primaryimage","url":"https:\/\/digitalhelp.rgdi.net\/site\/wp-content\/uploads\/2024\/03\/MINIATURA-LIVE-1.png","contentUrl":"https:\/\/digitalhelp.rgdi.net\/site\/wp-content\/uploads\/2024\/03\/MINIATURA-LIVE-1.png","width":1280,"height":720},{"@type":"BreadcrumbList","@id":"https:\/\/digitalhelp.rgdi.net\/site\/eventos\/#breadcrumb","itemListElement":[{"@type":"ListItem","position":1,"name":"In\u00edcio","item":"https:\/\/digitalhelp.rgdi.net\/site\/"},{"@type":"ListItem","position":2,"name":"Live Sobre Certificado de Seguran\u00e7a Digital SSL"}]},{"@type":"WebSite","@id":"https:\/\/digitalhelp.rgdi.net\/site\/#website","url":"https:\/\/digitalhelp.rgdi.net\/site\/","name":"Fa\u00e7a parte da EVOLU\u00c7\u00c3O Digital","description":"Fa\u00e7a parte da EVOLU\u00c7\u00c3O Digital.","publisher":{"@id":"https:\/\/digitalhelp.rgdi.net\/site\/#organization"},"potentialAction":[{"@type":"SearchAction","target":{"@type":"EntryPoint","urlTemplate":"https:\/\/digitalhelp.rgdi.net\/site\/?s={search_term_string}"},"query-input":{"@type":"PropertyValueSpecification","valueRequired":true,"valueName":"search_term_string"}}],"inLanguage":"pt-BR"},{"@type":"Organization","@id":"https:\/\/digitalhelp.rgdi.net\/site\/#organization","name":"Digital Help","url":"https:\/\/digitalhelp.rgdi.net\/site\/","logo":{"@type":"ImageObject","inLanguage":"pt-BR","@id":"https:\/\/digitalhelp.rgdi.net\/site\/#\/schema\/logo\/image\/","url":"https:\/\/digitalhelp.rgdi.net\/site\/wp-content\/uploads\/2021\/04\/logotipo-site-novo.png","contentUrl":"https:\/\/digitalhelp.rgdi.net\/site\/wp-content\/uploads\/2021\/04\/logotipo-site-novo.png","width":150,"height":119,"caption":"Digital Help"},"image":{"@id":"https:\/\/digitalhelp.rgdi.net\/site\/#\/schema\/logo\/image\/"},"sameAs":["https:\/\/www.facebook.com\/digitalhelp.rgdi.net"]}]}},"rttpg_featured_image_url":{"full":["https:\/\/digitalhelp.rgdi.net\/site\/wp-content\/uploads\/2024\/03\/MINIATURA-LIVE-1.png",1280,720,false],"landscape":["https:\/\/digitalhelp.rgdi.net\/site\/wp-content\/uploads\/2024\/03\/MINIATURA-LIVE-1.png",1280,720,false],"portraits":["https:\/\/digitalhelp.rgdi.net\/site\/wp-content\/uploads\/2024\/03\/MINIATURA-LIVE-1.png",1280,720,false],"thumbnail":["https:\/\/digitalhelp.rgdi.net\/site\/wp-content\/uploads\/2024\/03\/MINIATURA-LIVE-1-100x90.png",100,90,true],"medium":["https:\/\/digitalhelp.rgdi.net\/site\/wp-content\/uploads\/2024\/03\/MINIATURA-LIVE-1-400x225.png",400,225,true],"large":["https:\/\/digitalhelp.rgdi.net\/site\/wp-content\/uploads\/2024\/03\/MINIATURA-LIVE-1-1024x576.png",1024,576,true],"1536x1536":["https:\/\/digitalhelp.rgdi.net\/site\/wp-content\/uploads\/2024\/03\/MINIATURA-LIVE-1.png",1280,720,false],"2048x2048":["https:\/\/digitalhelp.rgdi.net\/site\/wp-content\/uploads\/2024\/03\/MINIATURA-LIVE-1.png",1280,720,false],"complete_open_graph":["https:\/\/digitalhelp.rgdi.net\/site\/wp-content\/uploads\/2024\/03\/MINIATURA-LIVE-1-1200x675.png",1200,675,true],"depicter-thumbnail":["https:\/\/digitalhelp.rgdi.net\/site\/wp-content\/uploads\/2024\/03\/MINIATURA-LIVE-1-200x113.png",200,113,true],"vp_sm":["https:\/\/digitalhelp.rgdi.net\/site\/wp-content\/uploads\/2024\/03\/MINIATURA-LIVE-1-300x169.png",300,169,true],"vp_md":["https:\/\/digitalhelp.rgdi.net\/site\/wp-content\/uploads\/2024\/03\/MINIATURA-LIVE-1-600x338.png",600,338,true],"vp_lg":["https:\/\/digitalhelp.rgdi.net\/site\/wp-content\/uploads\/2024\/03\/MINIATURA-LIVE-1-800x450.png",800,450,true],"vp_xl":["https:\/\/digitalhelp.rgdi.net\/site\/wp-content\/uploads\/2024\/03\/MINIATURA-LIVE-1-1024x576.png",1024,576,true],"vp_sm_popup":["https:\/\/digitalhelp.rgdi.net\/site\/wp-content\/uploads\/2024\/03\/MINIATURA-LIVE-1-300x169.png",300,169,true],"vp_md_popup":["https:\/\/digitalhelp.rgdi.net\/site\/wp-content\/uploads\/2024\/03\/MINIATURA-LIVE-1-600x338.png",600,338,true],"vp_xl_popup":["https:\/\/digitalhelp.rgdi.net\/site\/wp-content\/uploads\/2024\/03\/MINIATURA-LIVE-1-800x450.png",800,450,true],"rpwe-thumbnail":["https:\/\/digitalhelp.rgdi.net\/site\/wp-content\/uploads\/2024\/03\/MINIATURA-LIVE-1-45x45.png",45,45,true],"woocommerce_thumbnail":["https:\/\/digitalhelp.rgdi.net\/site\/wp-content\/uploads\/2024\/03\/MINIATURA-LIVE-1-300x300.png",300,300,true],"woocommerce_single":["https:\/\/digitalhelp.rgdi.net\/site\/wp-content\/uploads\/2024\/03\/MINIATURA-LIVE-1.png",600,338,false],"woocommerce_gallery_thumbnail":["https:\/\/digitalhelp.rgdi.net\/site\/wp-content\/uploads\/2024\/03\/MINIATURA-LIVE-1-100x100.png",100,100,true]},"rttpg_author":{"display_name":"digitalhelp","author_link":"https:\/\/digitalhelp.rgdi.net\/site\/author\/digitalhelp\/"},"rttpg_comment":1,"rttpg_category":null,"rttpg_excerpt":"Assista nossa Live e Descubra tudo sobre o Certificado de Seguran\u00e7a Digital SSL e como ele Protege os Dados dos seus Clientes com Criptografia de Ponta! Live Especial Promovida pela Digtial Help Brasil: Assista pelos nossos Canais Online: Carregando\u2026 N\u00e3o Perca nossa Live! P\u00e1gina do Evento no Facebook:","_links":{"self":[{"href":"https:\/\/digitalhelp.rgdi.net\/site\/wp-json\/wp\/v2\/pages\/5787","targetHints":{"allow":["GET"]}}],"collection":[{"href":"https:\/\/digitalhelp.rgdi.net\/site\/wp-json\/wp\/v2\/pages"}],"about":[{"href":"https:\/\/digitalhelp.rgdi.net\/site\/wp-json\/wp\/v2\/types\/page"}],"author":[{"embeddable":true,"href":"https:\/\/digitalhelp.rgdi.net\/site\/wp-json\/wp\/v2\/users\/1"}],"replies":[{"embeddable":true,"href":"https:\/\/digitalhelp.rgdi.net\/site\/wp-json\/wp\/v2\/comments?post=5787"}],"version-history":[{"count":59,"href":"https:\/\/digitalhelp.rgdi.net\/site\/wp-json\/wp\/v2\/pages\/5787\/revisions"}],"predecessor-version":[{"id":5901,"href":"https:\/\/digitalhelp.rgdi.net\/site\/wp-json\/wp\/v2\/pages\/5787\/revisions\/5901"}],"wp:featuredmedia":[{"embeddable":true,"href":"https:\/\/digitalhelp.rgdi.net\/site\/wp-json\/wp\/v2\/media\/5792"}],"wp:attachment":[{"href":"https:\/\/digitalhelp.rgdi.net\/site\/wp-json\/wp\/v2\/media?parent=5787"}],"curies":[{"name":"wp","href":"https:\/\/api.w.org\/{rel}","templated":true}]}}