{"id":6981,"date":"2025-10-09T16:16:16","date_gmt":"2025-10-09T19:16:16","guid":{"rendered":"https:\/\/digitalhelp.rgdi.net\/site\/?post_type=product&#038;p=6981"},"modified":"2025-10-09T16:47:44","modified_gmt":"2025-10-09T19:47:44","slug":"acesso-vitalicio-cursos-de-agentes-de-i-a-com-certificacao-fasul","status":"publish","type":"product","link":"https:\/\/digitalhelp.rgdi.net\/site\/loja\/acesso-vitalicio-cursos-de-agentes-de-i-a-com-certificacao-fasul\/","title":{"rendered":"Acesso Vital\u00edcio \u2013 Cursos de Agentes de I.A com Certifica\u00e7\u00e3o FASUL"},"content":{"rendered":"<p><img loading=\"lazy\" decoding=\"async\" class=\"aligncenter wp-image-6984 size-full\" src=\"https:\/\/digitalhelp.rgdi.net\/site\/wp-content\/uploads\/2025\/10\/cursos-ia-fasul.png\" alt=\"\" width=\"1665\" height=\"710\" srcset=\"https:\/\/digitalhelp.rgdi.net\/site\/wp-content\/uploads\/2025\/10\/cursos-ia-fasul.png 1665w, https:\/\/digitalhelp.rgdi.net\/site\/wp-content\/uploads\/2025\/10\/cursos-ia-fasul-400x171.png 400w, https:\/\/digitalhelp.rgdi.net\/site\/wp-content\/uploads\/2025\/10\/cursos-ia-fasul-1024x437.png 1024w, https:\/\/digitalhelp.rgdi.net\/site\/wp-content\/uploads\/2025\/10\/cursos-ia-fasul-768x327.png 768w, https:\/\/digitalhelp.rgdi.net\/site\/wp-content\/uploads\/2025\/10\/cursos-ia-fasul-1536x655.png 1536w, https:\/\/digitalhelp.rgdi.net\/site\/wp-content\/uploads\/2025\/10\/cursos-ia-fasul-1200x512.png 1200w, https:\/\/digitalhelp.rgdi.net\/site\/wp-content\/uploads\/2025\/10\/cursos-ia-fasul-200x85.png 200w, https:\/\/digitalhelp.rgdi.net\/site\/wp-content\/uploads\/2025\/10\/cursos-ia-fasul-300x128.png 300w, https:\/\/digitalhelp.rgdi.net\/site\/wp-content\/uploads\/2025\/10\/cursos-ia-fasul-600x256.png 600w, https:\/\/digitalhelp.rgdi.net\/site\/wp-content\/uploads\/2025\/10\/cursos-ia-fasul-800x341.png 800w\" sizes=\"auto, (max-width: 1665px) 100vw, 1665px\" \/><\/p>\n","protected":false},"excerpt":{"rendered":"<p data-start=\"169\" data-end=\"387\">Acesso vital\u00edcio e ilimitado a cursos pr\u00e1ticos de Agentes de Intelig\u00eancia Artificial. Aprenda na pr\u00e1tica e conquiste seu certificado reconhecido pela Faculdade FASUL Educacional<\/p>\n<hr \/>\n<h2 data-start=\"169\" data-end=\"387\"><strong>TAXA \u00daNICA! ACESSO VITAL\u00cdCIO!<br \/>\nR$ 189,00<\/strong><\/h2>\n","protected":false},"featured_media":6983,"template":"","meta":{"_eb_attr":"","_vp_format_video_url":"","_vp_image_focal_point":[]},"product_brand":[],"product_cat":[606],"product_tag":[611,608,613,614,609,610,612,607],"class_list":{"0":"post-6981","1":"product","2":"type-product","3":"status-publish","4":"has-post-thumbnail","6":"product_cat-cursos","7":"product_tag-acesso-vitalicio","8":"product_tag-agentes-de-ia","9":"product_tag-aprendizado-digital","10":"product_tag-automacao-com-ia","11":"product_tag-curso-com-certificado","12":"product_tag-curso-online-fasul","13":"product_tag-curso-pratico-de-ia","14":"product_tag-cursos-de-inteligencia-artificial","16":"first","17":"instock","18":"virtual","19":"product-type-simple"},"yoast_head":"<!-- This site is optimized with the Yoast SEO plugin v27.2 - https:\/\/yoast.com\/product\/yoast-seo-wordpress\/ -->\n<title>Acesso Vital\u00edcio \u2013 Cursos de Agentes de I.A com Certifica\u00e7\u00e3o FASUL - Fa\u00e7a parte da EVOLU\u00c7\u00c3O Digital<\/title>\n<meta name=\"description\" content=\"Tenha acesso vital\u00edcio e ilimitado a cursos pr\u00e1ticos de Agentes de I.A com certificado emitido pela Faculdade FASUL. Domine a intelig\u00eancia artificial.\" \/>\n<meta name=\"robots\" content=\"index, follow, max-snippet:-1, max-image-preview:large, max-video-preview:-1\" \/>\n<link rel=\"canonical\" href=\"https:\/\/digitalhelp.rgdi.net\/site\/loja\/acesso-vitalicio-cursos-de-agentes-de-i-a-com-certificacao-fasul\/\" \/>\n<meta property=\"og:locale\" content=\"pt_BR\" \/>\n<meta property=\"og:type\" content=\"article\" \/>\n<meta property=\"og:title\" content=\"Acesso Vital\u00edcio \u2013 Cursos de Agentes de I.A com Certifica\u00e7\u00e3o FASUL - Fa\u00e7a parte da EVOLU\u00c7\u00c3O Digital\" \/>\n<meta property=\"og:description\" content=\"Tenha acesso vital\u00edcio e ilimitado a cursos pr\u00e1ticos de Agentes de I.A com certificado emitido pela Faculdade FASUL. Domine a intelig\u00eancia artificial.\" \/>\n<meta property=\"og:url\" content=\"https:\/\/digitalhelp.rgdi.net\/site\/loja\/acesso-vitalicio-cursos-de-agentes-de-i-a-com-certificacao-fasul\/\" \/>\n<meta property=\"og:site_name\" content=\"Fa\u00e7a parte da EVOLU\u00c7\u00c3O Digital\" \/>\n<meta property=\"article:publisher\" content=\"https:\/\/www.facebook.com\/digitalhelp.rgdi.net\" \/>\n<meta property=\"article:modified_time\" content=\"2025-10-09T19:47:44+00:00\" \/>\n<meta property=\"og:image\" content=\"https:\/\/digitalhelp.rgdi.net\/site\/wp-content\/uploads\/2025\/10\/Cursos-de-I.A-8-No-Code.png\" \/>\n\t<meta property=\"og:image:width\" content=\"1080\" \/>\n\t<meta property=\"og:image:height\" content=\"1080\" \/>\n\t<meta property=\"og:image:type\" content=\"image\/png\" \/>\n<meta name=\"twitter:card\" content=\"summary_large_image\" \/>\n<meta name=\"twitter:label1\" content=\"Est. tempo de leitura\" \/>\n\t<meta name=\"twitter:data1\" content=\"1 minuto\" \/>\n<script type=\"application\/ld+json\" class=\"yoast-schema-graph\">{\"@context\":\"https:\/\/schema.org\",\"@graph\":[{\"@type\":\"WebPage\",\"@id\":\"https:\/\/digitalhelp.rgdi.net\/site\/loja\/acesso-vitalicio-cursos-de-agentes-de-i-a-com-certificacao-fasul\/\",\"url\":\"https:\/\/digitalhelp.rgdi.net\/site\/loja\/acesso-vitalicio-cursos-de-agentes-de-i-a-com-certificacao-fasul\/\",\"name\":\"Acesso Vital\u00edcio \u2013 Cursos de Agentes de I.A com Certifica\u00e7\u00e3o FASUL - Fa\u00e7a parte da EVOLU\u00c7\u00c3O Digital\",\"isPartOf\":{\"@id\":\"https:\/\/digitalhelp.rgdi.net\/site\/#website\"},\"primaryImageOfPage\":{\"@id\":\"https:\/\/digitalhelp.rgdi.net\/site\/loja\/acesso-vitalicio-cursos-de-agentes-de-i-a-com-certificacao-fasul\/#primaryimage\"},\"image\":{\"@id\":\"https:\/\/digitalhelp.rgdi.net\/site\/loja\/acesso-vitalicio-cursos-de-agentes-de-i-a-com-certificacao-fasul\/#primaryimage\"},\"thumbnailUrl\":\"https:\/\/digitalhelp.rgdi.net\/site\/wp-content\/uploads\/2025\/10\/Cursos-de-I.A-8-No-Code.png\",\"datePublished\":\"2025-10-09T19:16:16+00:00\",\"dateModified\":\"2025-10-09T19:47:44+00:00\",\"description\":\"Tenha acesso vital\u00edcio e ilimitado a cursos pr\u00e1ticos de Agentes de I.A com certificado emitido pela Faculdade FASUL. Domine a intelig\u00eancia artificial.\",\"breadcrumb\":{\"@id\":\"https:\/\/digitalhelp.rgdi.net\/site\/loja\/acesso-vitalicio-cursos-de-agentes-de-i-a-com-certificacao-fasul\/#breadcrumb\"},\"inLanguage\":\"pt-BR\",\"potentialAction\":[{\"@type\":\"ReadAction\",\"target\":[\"https:\/\/digitalhelp.rgdi.net\/site\/loja\/acesso-vitalicio-cursos-de-agentes-de-i-a-com-certificacao-fasul\/\"]}]},{\"@type\":\"ImageObject\",\"inLanguage\":\"pt-BR\",\"@id\":\"https:\/\/digitalhelp.rgdi.net\/site\/loja\/acesso-vitalicio-cursos-de-agentes-de-i-a-com-certificacao-fasul\/#primaryimage\",\"url\":\"https:\/\/digitalhelp.rgdi.net\/site\/wp-content\/uploads\/2025\/10\/Cursos-de-I.A-8-No-Code.png\",\"contentUrl\":\"https:\/\/digitalhelp.rgdi.net\/site\/wp-content\/uploads\/2025\/10\/Cursos-de-I.A-8-No-Code.png\",\"width\":1080,\"height\":1080},{\"@type\":\"BreadcrumbList\",\"@id\":\"https:\/\/digitalhelp.rgdi.net\/site\/loja\/acesso-vitalicio-cursos-de-agentes-de-i-a-com-certificacao-fasul\/#breadcrumb\",\"itemListElement\":[{\"@type\":\"ListItem\",\"position\":1,\"name\":\"In\u00edcio\",\"item\":\"https:\/\/digitalhelp.rgdi.net\/site\/\"},{\"@type\":\"ListItem\",\"position\":2,\"name\":\"NOSSAS SOLU\u00c7\u00d5ES PARA VOC\u00ca\",\"item\":\"https:\/\/digitalhelp.rgdi.net\/site\/loja\/\"},{\"@type\":\"ListItem\",\"position\":3,\"name\":\"Acesso Vital\u00edcio \u2013 Cursos de Agentes de I.A com Certifica\u00e7\u00e3o FASUL\"}]},{\"@type\":\"WebSite\",\"@id\":\"https:\/\/digitalhelp.rgdi.net\/site\/#website\",\"url\":\"https:\/\/digitalhelp.rgdi.net\/site\/\",\"name\":\"Fa\u00e7a parte da EVOLU\u00c7\u00c3O Digital\",\"description\":\"Fa\u00e7a parte da EVOLU\u00c7\u00c3O Digital.\",\"publisher\":{\"@id\":\"https:\/\/digitalhelp.rgdi.net\/site\/#organization\"},\"potentialAction\":[{\"@type\":\"SearchAction\",\"target\":{\"@type\":\"EntryPoint\",\"urlTemplate\":\"https:\/\/digitalhelp.rgdi.net\/site\/?s={search_term_string}\"},\"query-input\":{\"@type\":\"PropertyValueSpecification\",\"valueRequired\":true,\"valueName\":\"search_term_string\"}}],\"inLanguage\":\"pt-BR\"},{\"@type\":\"Organization\",\"@id\":\"https:\/\/digitalhelp.rgdi.net\/site\/#organization\",\"name\":\"Digital Help\",\"url\":\"https:\/\/digitalhelp.rgdi.net\/site\/\",\"logo\":{\"@type\":\"ImageObject\",\"inLanguage\":\"pt-BR\",\"@id\":\"https:\/\/digitalhelp.rgdi.net\/site\/#\/schema\/logo\/image\/\",\"url\":\"https:\/\/digitalhelp.rgdi.net\/site\/wp-content\/uploads\/2021\/04\/logotipo-site-novo.png\",\"contentUrl\":\"https:\/\/digitalhelp.rgdi.net\/site\/wp-content\/uploads\/2021\/04\/logotipo-site-novo.png\",\"width\":150,\"height\":119,\"caption\":\"Digital Help\"},\"image\":{\"@id\":\"https:\/\/digitalhelp.rgdi.net\/site\/#\/schema\/logo\/image\/\"},\"sameAs\":[\"https:\/\/www.facebook.com\/digitalhelp.rgdi.net\"]}]}<\/script>\n<!-- \/ Yoast SEO plugin. -->","yoast_head_json":{"title":"Acesso Vital\u00edcio \u2013 Cursos de Agentes de I.A com Certifica\u00e7\u00e3o FASUL - Fa\u00e7a parte da EVOLU\u00c7\u00c3O Digital","description":"Tenha acesso vital\u00edcio e ilimitado a cursos pr\u00e1ticos de Agentes de I.A com certificado emitido pela Faculdade FASUL. Domine a intelig\u00eancia artificial.","robots":{"index":"index","follow":"follow","max-snippet":"max-snippet:-1","max-image-preview":"max-image-preview:large","max-video-preview":"max-video-preview:-1"},"canonical":"https:\/\/digitalhelp.rgdi.net\/site\/loja\/acesso-vitalicio-cursos-de-agentes-de-i-a-com-certificacao-fasul\/","og_locale":"pt_BR","og_type":"article","og_title":"Acesso Vital\u00edcio \u2013 Cursos de Agentes de I.A com Certifica\u00e7\u00e3o FASUL - Fa\u00e7a parte da EVOLU\u00c7\u00c3O Digital","og_description":"Tenha acesso vital\u00edcio e ilimitado a cursos pr\u00e1ticos de Agentes de I.A com certificado emitido pela Faculdade FASUL. Domine a intelig\u00eancia artificial.","og_url":"https:\/\/digitalhelp.rgdi.net\/site\/loja\/acesso-vitalicio-cursos-de-agentes-de-i-a-com-certificacao-fasul\/","og_site_name":"Fa\u00e7a parte da EVOLU\u00c7\u00c3O Digital","article_publisher":"https:\/\/www.facebook.com\/digitalhelp.rgdi.net","article_modified_time":"2025-10-09T19:47:44+00:00","og_image":[{"width":1080,"height":1080,"url":"https:\/\/digitalhelp.rgdi.net\/site\/wp-content\/uploads\/2025\/10\/Cursos-de-I.A-8-No-Code.png","type":"image\/png"}],"twitter_card":"summary_large_image","twitter_misc":{"Est. tempo de leitura":"1 minuto"},"schema":{"@context":"https:\/\/schema.org","@graph":[{"@type":"WebPage","@id":"https:\/\/digitalhelp.rgdi.net\/site\/loja\/acesso-vitalicio-cursos-de-agentes-de-i-a-com-certificacao-fasul\/","url":"https:\/\/digitalhelp.rgdi.net\/site\/loja\/acesso-vitalicio-cursos-de-agentes-de-i-a-com-certificacao-fasul\/","name":"Acesso Vital\u00edcio \u2013 Cursos de Agentes de I.A com Certifica\u00e7\u00e3o FASUL - Fa\u00e7a parte da EVOLU\u00c7\u00c3O Digital","isPartOf":{"@id":"https:\/\/digitalhelp.rgdi.net\/site\/#website"},"primaryImageOfPage":{"@id":"https:\/\/digitalhelp.rgdi.net\/site\/loja\/acesso-vitalicio-cursos-de-agentes-de-i-a-com-certificacao-fasul\/#primaryimage"},"image":{"@id":"https:\/\/digitalhelp.rgdi.net\/site\/loja\/acesso-vitalicio-cursos-de-agentes-de-i-a-com-certificacao-fasul\/#primaryimage"},"thumbnailUrl":"https:\/\/digitalhelp.rgdi.net\/site\/wp-content\/uploads\/2025\/10\/Cursos-de-I.A-8-No-Code.png","datePublished":"2025-10-09T19:16:16+00:00","dateModified":"2025-10-09T19:47:44+00:00","description":"Tenha acesso vital\u00edcio e ilimitado a cursos pr\u00e1ticos de Agentes de I.A com certificado emitido pela Faculdade FASUL. Domine a intelig\u00eancia artificial.","breadcrumb":{"@id":"https:\/\/digitalhelp.rgdi.net\/site\/loja\/acesso-vitalicio-cursos-de-agentes-de-i-a-com-certificacao-fasul\/#breadcrumb"},"inLanguage":"pt-BR","potentialAction":[{"@type":"ReadAction","target":["https:\/\/digitalhelp.rgdi.net\/site\/loja\/acesso-vitalicio-cursos-de-agentes-de-i-a-com-certificacao-fasul\/"]}]},{"@type":"ImageObject","inLanguage":"pt-BR","@id":"https:\/\/digitalhelp.rgdi.net\/site\/loja\/acesso-vitalicio-cursos-de-agentes-de-i-a-com-certificacao-fasul\/#primaryimage","url":"https:\/\/digitalhelp.rgdi.net\/site\/wp-content\/uploads\/2025\/10\/Cursos-de-I.A-8-No-Code.png","contentUrl":"https:\/\/digitalhelp.rgdi.net\/site\/wp-content\/uploads\/2025\/10\/Cursos-de-I.A-8-No-Code.png","width":1080,"height":1080},{"@type":"BreadcrumbList","@id":"https:\/\/digitalhelp.rgdi.net\/site\/loja\/acesso-vitalicio-cursos-de-agentes-de-i-a-com-certificacao-fasul\/#breadcrumb","itemListElement":[{"@type":"ListItem","position":1,"name":"In\u00edcio","item":"https:\/\/digitalhelp.rgdi.net\/site\/"},{"@type":"ListItem","position":2,"name":"NOSSAS SOLU\u00c7\u00d5ES PARA VOC\u00ca","item":"https:\/\/digitalhelp.rgdi.net\/site\/loja\/"},{"@type":"ListItem","position":3,"name":"Acesso Vital\u00edcio \u2013 Cursos de Agentes de I.A com Certifica\u00e7\u00e3o FASUL"}]},{"@type":"WebSite","@id":"https:\/\/digitalhelp.rgdi.net\/site\/#website","url":"https:\/\/digitalhelp.rgdi.net\/site\/","name":"Fa\u00e7a parte da EVOLU\u00c7\u00c3O Digital","description":"Fa\u00e7a parte da EVOLU\u00c7\u00c3O Digital.","publisher":{"@id":"https:\/\/digitalhelp.rgdi.net\/site\/#organization"},"potentialAction":[{"@type":"SearchAction","target":{"@type":"EntryPoint","urlTemplate":"https:\/\/digitalhelp.rgdi.net\/site\/?s={search_term_string}"},"query-input":{"@type":"PropertyValueSpecification","valueRequired":true,"valueName":"search_term_string"}}],"inLanguage":"pt-BR"},{"@type":"Organization","@id":"https:\/\/digitalhelp.rgdi.net\/site\/#organization","name":"Digital Help","url":"https:\/\/digitalhelp.rgdi.net\/site\/","logo":{"@type":"ImageObject","inLanguage":"pt-BR","@id":"https:\/\/digitalhelp.rgdi.net\/site\/#\/schema\/logo\/image\/","url":"https:\/\/digitalhelp.rgdi.net\/site\/wp-content\/uploads\/2021\/04\/logotipo-site-novo.png","contentUrl":"https:\/\/digitalhelp.rgdi.net\/site\/wp-content\/uploads\/2021\/04\/logotipo-site-novo.png","width":150,"height":119,"caption":"Digital Help"},"image":{"@id":"https:\/\/digitalhelp.rgdi.net\/site\/#\/schema\/logo\/image\/"},"sameAs":["https:\/\/www.facebook.com\/digitalhelp.rgdi.net"]}]}},"_links":{"self":[{"href":"https:\/\/digitalhelp.rgdi.net\/site\/wp-json\/wp\/v2\/product\/6981","targetHints":{"allow":["GET"]}}],"collection":[{"href":"https:\/\/digitalhelp.rgdi.net\/site\/wp-json\/wp\/v2\/product"}],"about":[{"href":"https:\/\/digitalhelp.rgdi.net\/site\/wp-json\/wp\/v2\/types\/product"}],"wp:featuredmedia":[{"embeddable":true,"href":"https:\/\/digitalhelp.rgdi.net\/site\/wp-json\/wp\/v2\/media\/6983"}],"wp:attachment":[{"href":"https:\/\/digitalhelp.rgdi.net\/site\/wp-json\/wp\/v2\/media?parent=6981"}],"wp:term":[{"taxonomy":"product_brand","embeddable":true,"href":"https:\/\/digitalhelp.rgdi.net\/site\/wp-json\/wp\/v2\/product_brand?post=6981"},{"taxonomy":"product_cat","embeddable":true,"href":"https:\/\/digitalhelp.rgdi.net\/site\/wp-json\/wp\/v2\/product_cat?post=6981"},{"taxonomy":"product_tag","embeddable":true,"href":"https:\/\/digitalhelp.rgdi.net\/site\/wp-json\/wp\/v2\/product_tag?post=6981"}],"curies":[{"name":"wp","href":"https:\/\/api.w.org\/{rel}","templated":true}]}}